{"id":25,"date":"2014-08-14T08:30:15","date_gmt":"2014-08-14T07:30:15","guid":{"rendered":"http:\/\/sud.svmep.ch\/?page_id=25"},"modified":"2025-09-22T15:06:33","modified_gmt":"2025-09-22T14:06:33","slug":"contact","status":"publish","type":"page","link":"https:\/\/sud.svmep.ch\/svmep\/contact\/","title":{"rendered":"Contact"},"content":{"rendered":"\n<h2 class=\"wp-block-heading\">Comment nous joindre ?<\/h2>\n\n\n\n<p>Les locaux du SVMEP sont communs avec ceux de la F\u00e9d\u00e9ration syndicale SUD, au deuxi\u00e8me \u00e9tage de la Maison du peuple, \u00e0 Lausanne.<\/p>\n\n\n\n<figure class=\"wp-block-table is-style-stripes\"><table><tbody><tr><td>Adresse<\/td><td>T\u00e9l\u00e9phone<\/td><td>Courriel<\/td><\/tr><tr><td>Place Chauderon 5<br>1003 Lausanne<\/td><td>021 616 19 93<\/td><td><a href=\"mailto:info@svmep.ch\">info[at]svmep.ch<\/a><\/td><\/tr><\/tbody><\/table><\/figure>\n\n\n\n<p><strong>Le secr\u00e9tariat du SVMEP est ouvert du lundi au vendredi, de 9h00 \u00e0 13h00<\/strong>.<\/p>\n\n\n\n<p>Sauf exception, il est ferm\u00e9 pendant les vacances scolaires. En cas d\u2019urgence, il faut s\u2019adresser \u00e0\u00a0<a href=\"https:\/\/sud-vd.ch\/home\/contact\/\" target=\"_blank\" rel=\"noreferrer noopener\">la F\u00e9d\u00e9ration syndicale SUD<\/a>.<\/p>\n","protected":false},"excerpt":{"rendered":"<p>Comment nous joindre ? Les locaux du SVMEP sont communs avec ceux de la F\u00e9d\u00e9ration syndicale SUD, au deuxi\u00e8me \u00e9tage de la Maison du peuple, \u00e0 Lausanne. AdresseT\u00e9l\u00e9phoneCourrielPlace Chauderon 51003 [&hellip;]<\/p>\n","protected":false},"author":2,"featured_media":0,"parent":0,"menu_order":0,"comment_status":"closed","ping_status":"closed","template":"template-biz.php","meta":{"footnotes":""},"class_list":["post-25","page","type-page","status-publish","hentry"],"yoast_head":"<!-- This site is optimized with the Yoast SEO plugin v27.4 - https:\/\/yoast.com\/product\/yoast-seo-wordpress\/ -->\n<title>Contact - svmep.ch<\/title>\n<meta name=\"description\" content=\"Comment contacter le secr\u00e9tariat du SVMEP, Syndicat vaudois des ma\u00eetres.ses de l&#039;enseignement professionnel.\" \/>\n<meta name=\"robots\" content=\"index, follow, max-snippet:-1, max-image-preview:large, max-video-preview:-1\" \/>\n<link rel=\"canonical\" href=\"https:\/\/sud.svmep.ch\/svmep\/contact\/\" \/>\n<meta property=\"og:locale\" content=\"fr_FR\" \/>\n<meta property=\"og:type\" content=\"article\" \/>\n<meta property=\"og:title\" content=\"Contact - svmep.ch\" \/>\n<meta property=\"og:description\" content=\"Comment contacter le secr\u00e9tariat du SVMEP, Syndicat vaudois des ma\u00eetres.ses de l&#039;enseignement professionnel.\" \/>\n<meta property=\"og:url\" content=\"https:\/\/sud.svmep.ch\/svmep\/contact\/\" \/>\n<meta property=\"og:site_name\" content=\"svmep.ch\" \/>\n<meta property=\"article:modified_time\" content=\"2025-09-22T14:06:33+00:00\" \/>\n<meta name=\"twitter:card\" content=\"summary_large_image\" \/>\n<script type=\"application\/ld+json\" class=\"yoast-schema-graph\">{\"@context\":\"https:\\\/\\\/schema.org\",\"@graph\":[{\"@type\":[\"WebPage\",\"ContactPage\"],\"@id\":\"https:\\\/\\\/sud.svmep.ch\\\/svmep\\\/contact\\\/\",\"url\":\"https:\\\/\\\/sud.svmep.ch\\\/svmep\\\/contact\\\/\",\"name\":\"Contact - svmep.ch\",\"isPartOf\":{\"@id\":\"https:\\\/\\\/sud.svmep.ch\\\/svmep\\\/#website\"},\"datePublished\":\"2014-08-14T07:30:15+00:00\",\"dateModified\":\"2025-09-22T14:06:33+00:00\",\"description\":\"Comment contacter le secr\u00e9tariat du SVMEP, Syndicat vaudois des ma\u00eetres.ses de l'enseignement professionnel.\",\"breadcrumb\":{\"@id\":\"https:\\\/\\\/sud.svmep.ch\\\/svmep\\\/contact\\\/#breadcrumb\"},\"inLanguage\":\"fr-FR\",\"potentialAction\":[{\"@type\":\"ReadAction\",\"target\":[\"https:\\\/\\\/sud.svmep.ch\\\/svmep\\\/contact\\\/\"]}]},{\"@type\":\"BreadcrumbList\",\"@id\":\"https:\\\/\\\/sud.svmep.ch\\\/svmep\\\/contact\\\/#breadcrumb\",\"itemListElement\":[{\"@type\":\"ListItem\",\"position\":1,\"name\":\"Accueil\",\"item\":\"https:\\\/\\\/sud.svmep.ch\\\/svmep\\\/\"},{\"@type\":\"ListItem\",\"position\":2,\"name\":\"Contact\"}]},{\"@type\":\"WebSite\",\"@id\":\"https:\\\/\\\/sud.svmep.ch\\\/svmep\\\/#website\",\"url\":\"https:\\\/\\\/sud.svmep.ch\\\/svmep\\\/\",\"name\":\"Syndicat vaudois des ma\u00eetres.ses de l'enseignement professionnel\",\"description\":\"\",\"publisher\":{\"@id\":\"https:\\\/\\\/sud.svmep.ch\\\/svmep\\\/#organization\"},\"alternateName\":\"SVMEP\",\"potentialAction\":[{\"@type\":\"SearchAction\",\"target\":{\"@type\":\"EntryPoint\",\"urlTemplate\":\"https:\\\/\\\/sud.svmep.ch\\\/svmep\\\/?s={search_term_string}\"},\"query-input\":{\"@type\":\"PropertyValueSpecification\",\"valueRequired\":true,\"valueName\":\"search_term_string\"}}],\"inLanguage\":\"fr-FR\"},{\"@type\":\"Organization\",\"@id\":\"https:\\\/\\\/sud.svmep.ch\\\/svmep\\\/#organization\",\"name\":\"Syndicat vaudois des ma\u00eetres.ses de l'enseignement professionnel SVMEP\",\"alternateName\":\"SVMEP\",\"url\":\"https:\\\/\\\/sud.svmep.ch\\\/svmep\\\/\",\"logo\":{\"@type\":\"ImageObject\",\"inLanguage\":\"fr-FR\",\"@id\":\"https:\\\/\\\/sud.svmep.ch\\\/svmep\\\/#\\\/schema\\\/logo\\\/image\\\/\",\"url\":\"https:\\\/\\\/sud.svmep.ch\\\/svmep\\\/wp-content\\\/uploads\\\/2024\\\/09\\\/svmep150x260.jpg\",\"contentUrl\":\"https:\\\/\\\/sud.svmep.ch\\\/svmep\\\/wp-content\\\/uploads\\\/2024\\\/09\\\/svmep150x260.jpg\",\"width\":226,\"height\":127,\"caption\":\"Syndicat vaudois des ma\u00eetres.ses de l'enseignement professionnel SVMEP\"},\"image\":{\"@id\":\"https:\\\/\\\/sud.svmep.ch\\\/svmep\\\/#\\\/schema\\\/logo\\\/image\\\/\"}}]}<\/script>\n<!-- \/ Yoast SEO plugin. -->","yoast_head_json":{"title":"Contact - svmep.ch","description":"Comment contacter le secr\u00e9tariat du SVMEP, Syndicat vaudois des ma\u00eetres.ses de l'enseignement professionnel.","robots":{"index":"index","follow":"follow","max-snippet":"max-snippet:-1","max-image-preview":"max-image-preview:large","max-video-preview":"max-video-preview:-1"},"canonical":"https:\/\/sud.svmep.ch\/svmep\/contact\/","og_locale":"fr_FR","og_type":"article","og_title":"Contact - svmep.ch","og_description":"Comment contacter le secr\u00e9tariat du SVMEP, Syndicat vaudois des ma\u00eetres.ses de l'enseignement professionnel.","og_url":"https:\/\/sud.svmep.ch\/svmep\/contact\/","og_site_name":"svmep.ch","article_modified_time":"2025-09-22T14:06:33+00:00","twitter_card":"summary_large_image","schema":{"@context":"https:\/\/schema.org","@graph":[{"@type":["WebPage","ContactPage"],"@id":"https:\/\/sud.svmep.ch\/svmep\/contact\/","url":"https:\/\/sud.svmep.ch\/svmep\/contact\/","name":"Contact - svmep.ch","isPartOf":{"@id":"https:\/\/sud.svmep.ch\/svmep\/#website"},"datePublished":"2014-08-14T07:30:15+00:00","dateModified":"2025-09-22T14:06:33+00:00","description":"Comment contacter le secr\u00e9tariat du SVMEP, Syndicat vaudois des ma\u00eetres.ses de l'enseignement professionnel.","breadcrumb":{"@id":"https:\/\/sud.svmep.ch\/svmep\/contact\/#breadcrumb"},"inLanguage":"fr-FR","potentialAction":[{"@type":"ReadAction","target":["https:\/\/sud.svmep.ch\/svmep\/contact\/"]}]},{"@type":"BreadcrumbList","@id":"https:\/\/sud.svmep.ch\/svmep\/contact\/#breadcrumb","itemListElement":[{"@type":"ListItem","position":1,"name":"Accueil","item":"https:\/\/sud.svmep.ch\/svmep\/"},{"@type":"ListItem","position":2,"name":"Contact"}]},{"@type":"WebSite","@id":"https:\/\/sud.svmep.ch\/svmep\/#website","url":"https:\/\/sud.svmep.ch\/svmep\/","name":"Syndicat vaudois des ma\u00eetres.ses de l'enseignement professionnel","description":"","publisher":{"@id":"https:\/\/sud.svmep.ch\/svmep\/#organization"},"alternateName":"SVMEP","potentialAction":[{"@type":"SearchAction","target":{"@type":"EntryPoint","urlTemplate":"https:\/\/sud.svmep.ch\/svmep\/?s={search_term_string}"},"query-input":{"@type":"PropertyValueSpecification","valueRequired":true,"valueName":"search_term_string"}}],"inLanguage":"fr-FR"},{"@type":"Organization","@id":"https:\/\/sud.svmep.ch\/svmep\/#organization","name":"Syndicat vaudois des ma\u00eetres.ses de l'enseignement professionnel SVMEP","alternateName":"SVMEP","url":"https:\/\/sud.svmep.ch\/svmep\/","logo":{"@type":"ImageObject","inLanguage":"fr-FR","@id":"https:\/\/sud.svmep.ch\/svmep\/#\/schema\/logo\/image\/","url":"https:\/\/sud.svmep.ch\/svmep\/wp-content\/uploads\/2024\/09\/svmep150x260.jpg","contentUrl":"https:\/\/sud.svmep.ch\/svmep\/wp-content\/uploads\/2024\/09\/svmep150x260.jpg","width":226,"height":127,"caption":"Syndicat vaudois des ma\u00eetres.ses de l'enseignement professionnel SVMEP"},"image":{"@id":"https:\/\/sud.svmep.ch\/svmep\/#\/schema\/logo\/image\/"}}]}},"_links":{"self":[{"href":"https:\/\/sud.svmep.ch\/svmep\/wp-json\/wp\/v2\/pages\/25","targetHints":{"allow":["GET"]}}],"collection":[{"href":"https:\/\/sud.svmep.ch\/svmep\/wp-json\/wp\/v2\/pages"}],"about":[{"href":"https:\/\/sud.svmep.ch\/svmep\/wp-json\/wp\/v2\/types\/page"}],"author":[{"embeddable":true,"href":"https:\/\/sud.svmep.ch\/svmep\/wp-json\/wp\/v2\/users\/2"}],"replies":[{"embeddable":true,"href":"https:\/\/sud.svmep.ch\/svmep\/wp-json\/wp\/v2\/comments?post=25"}],"version-history":[{"count":0,"href":"https:\/\/sud.svmep.ch\/svmep\/wp-json\/wp\/v2\/pages\/25\/revisions"}],"wp:attachment":[{"href":"https:\/\/sud.svmep.ch\/svmep\/wp-json\/wp\/v2\/media?parent=25"}],"curies":[{"name":"wp","href":"https:\/\/api.w.org\/{rel}","templated":true}]}}

<h2 class="wp-block-heading">Comment nous joindre ?</h2>



<p>Les locaux du SVMEP sont communs avec ceux de la Fédération syndicale SUD, au deuxième étage de la Maison du peuple, à Lausanne.</p>



<figure class="wp-block-table is-style-stripes"><table><tbody><tr><td>Adresse</td><td>Téléphone</td><td>Courriel</td></tr><tr><td>Place Chauderon 5<br>1003 Lausanne</td><td>021 616 19 93</td><td><a href="mailto:info@svmep.ch">info[at]svmep.ch</a></td></tr></tbody></table></figure>



<p><strong>Le secrétariat du SVMEP est ouvert du lundi au vendredi, de 9h00 à 13h00</strong>.</p>



<p>Sauf exception, il est fermé pendant les vacances scolaires. En cas d’urgence, il faut s’adresser à <a href="https://sud-vd.ch/home/contact/" target="_blank" rel="noreferrer noopener">la Fédération syndicale SUD</a>.</p>

<p>Comment nous joindre ? Les locaux du SVMEP sont communs avec ceux de la Fédération syndicale SUD, au deuxième étage de la Maison du peuple, à Lausanne. AdresseTéléphoneCourrielPlace Chauderon 51003 [&hellip;]</p>

<!-- This site is optimized with the Yoast SEO plugin v27.4 - https://yoast.com/product/yoast-seo-wordpress/ -->
<title>Contact - svmep.ch</title>
<meta name="description" content="Comment contacter le secrétariat du SVMEP, Syndicat vaudois des maîtres.ses de l&#039;enseignement professionnel." />
<meta name="robots" content="index, follow, max-snippet:-1, max-image-preview:large, max-video-preview:-1" />
<link rel="canonical" href="https://sud.svmep.ch/svmep/contact/" />
<meta property="og:locale" content="fr_FR" />
<meta property="og:type" content="article" />
<meta property="og:title" content="Contact - svmep.ch" />
<meta property="og:description" content="Comment contacter le secrétariat du SVMEP, Syndicat vaudois des maîtres.ses de l&#039;enseignement professionnel." />
<meta property="og:url" content="https://sud.svmep.ch/svmep/contact/" />
<meta property="og:site_name" content="svmep.ch" />
<meta property="article:modified_time" content="2025-09-22T14:06:33+00:00" />
<meta name="twitter:card" content="summary_large_image" />
<script type="application/ld+json" class="yoast-schema-graph">{"@context":"https:\/\/schema.org","@graph":[{"@type":["WebPage","ContactPage"],"@id":"https:\/\/sud.svmep.ch\/svmep\/contact\/","url":"https:\/\/sud.svmep.ch\/svmep\/contact\/","name":"Contact - svmep.ch","isPartOf":{"@id":"https:\/\/sud.svmep.ch\/svmep\/#website"},"datePublished":"2014-08-14T07:30:15+00:00","dateModified":"2025-09-22T14:06:33+00:00","description":"Comment contacter le secrétariat du SVMEP, Syndicat vaudois des maîtres.ses de l'enseignement professionnel.","breadcrumb":{"@id":"https:\/\/sud.svmep.ch\/svmep\/contact\/#breadcrumb"},"inLanguage":"fr-FR","potentialAction":[{"@type":"ReadAction","target":["https:\/\/sud.svmep.ch\/svmep\/contact\/"]}]},{"@type":"BreadcrumbList","@id":"https:\/\/sud.svmep.ch\/svmep\/contact\/#breadcrumb","itemListElement":[{"@type":"ListItem","position":1,"name":"Accueil","item":"https:\/\/sud.svmep.ch\/svmep\/"},{"@type":"ListItem","position":2,"name":"Contact"}]},{"@type":"WebSite","@id":"https:\/\/sud.svmep.ch\/svmep\/#website","url":"https:\/\/sud.svmep.ch\/svmep\/","name":"Syndicat vaudois des maîtres.ses de l'enseignement professionnel","description":"","publisher":{"@id":"https:\/\/sud.svmep.ch\/svmep\/#organization"},"alternateName":"SVMEP","potentialAction":[{"@type":"SearchAction","target":{"@type":"EntryPoint","urlTemplate":"https:\/\/sud.svmep.ch\/svmep\/?s={search_term_string}"},"query-input":{"@type":"PropertyValueSpecification","valueRequired":true,"valueName":"search_term_string"}}],"inLanguage":"fr-FR"},{"@type":"Organization","@id":"https:\/\/sud.svmep.ch\/svmep\/#organization","name":"Syndicat vaudois des maîtres.ses de l'enseignement professionnel SVMEP","alternateName":"SVMEP","url":"https:\/\/sud.svmep.ch\/svmep\/","logo":{"@type":"ImageObject","inLanguage":"fr-FR","@id":"https:\/\/sud.svmep.ch\/svmep\/#\/schema\/logo\/image\/","url":"https:\/\/sud.svmep.ch\/svmep\/wp-content\/uploads\/2024\/09\/svmep150x260.jpg","contentUrl":"https:\/\/sud.svmep.ch\/svmep\/wp-content\/uploads\/2024\/09\/svmep150x260.jpg","width":226,"height":127,"caption":"Syndicat vaudois des maîtres.ses de l'enseignement professionnel SVMEP"},"image":{"@id":"https:\/\/sud.svmep.ch\/svmep\/#\/schema\/logo\/image\/"}}]}</script>
<!-- / Yoast SEO plugin. -->

Comment contacter le secrétariat du SVMEP, Syndicat vaudois des maîtres.ses de l'enseignement professionnel.

Syndicat vaudois des maîtres.ses de l'enseignement professionnel

Syndicat vaudois des maîtres.ses de l'enseignement professionnel SVMEP
