{"id":41,"date":"2014-08-14T16:48:21","date_gmt":"2014-08-14T15:48:21","guid":{"rendered":"http:\/\/sud.svmep.ch\/?page_id=41"},"modified":"2025-12-30T17:05:55","modified_gmt":"2025-12-30T16:05:55","slug":"statuts","status":"publish","type":"page","link":"https:\/\/sud.svmep.ch\/svmep\/statuts\/","title":{"rendered":"Statuts"},"content":{"rendered":"<h2>Statuts du Syndicat vaudois des ma\u00eetres-ses de l&rsquo;enseignement professionnel<\/h2>\n<p><em>\u00e9tat au 23 mars 2017<\/em><\/p>\n<h4>Dispositions g\u00e9n\u00e9rales<\/h4>\n<p>Art. 1\u00a0Nature<br \/>\nLe Syndicat vaudois des ma\u00eetres de l&rsquo;enseignement professionnel (SVMEP), fond\u00e9 en 1961, est r\u00e9gi par les articles 60 et suivants du Code civil suisse.<\/p>\n<p>Art. 2\u00a0Buts<br \/>\nLe SVMEP a notamment pour buts :<br \/>\n1. de d\u00e9fendre les int\u00e9r\u00eats des ma\u00eetres de l&rsquo;enseignement professionnel vaudois en g\u00e9n\u00e9ral et de chacun de ses membres en particulier;<br \/>\n2. de favoriser la formation professionnelle des apprentis;<br \/>\n3. de d\u00e9velopper la formation professionnelle et culturelle de ses membres;<br \/>\n4. de veiller d&rsquo;une mani\u00e8re suivie \u00e0 l&rsquo;am\u00e9lioration de la situation mat\u00e9rielle et sociale de ses membres;<br \/>\n5. d&rsquo;assurer des relations avec les autorit\u00e9s, les directions d&rsquo;\u00e9tablissement et les diff\u00e9rentes associations auxquelles elle est ou pourrait \u00eatre affili\u00e9e.<\/p>\n<p>Art. 3\u00a0Si\u00e8ge<br \/>\nLe si\u00e8ge du SVMEP est \u00e0 Lausanne.<\/p>\n<h4>Soci\u00e9taires<\/h4>\n<p>Art. 4\u00a0Membres<br \/>\nLe SVMEP comprend :<br \/>\n1. des membres actifs; 2. des membres passifs; 3. des membres honoraires; 4. des membres d\u2019honneur.<\/p>\n<p>Art. 5<br \/>\nPeuvent \u00eatre membres actifs du syndicat les ma\u00eetres titulaires, temporaires ou charg\u00e9s de cours enseignant dans les \u00e9coles ou centres professionnels, les \u00e9coles de m\u00e9tiers ou d&rsquo;arts appliqu\u00e9s, les \u00e9coles techniques et les hautes \u00e9coles sp\u00e9cialis\u00e9es.<\/p>\n<p>Art. 5 bis<br \/>\nDeviennent membres passifs les membres actifs qui quittent l&rsquo;enseignement professionnel et qui souhaitent garder des contacts avec le SVMEP. Leur cotisation est r\u00e9duite. Les enseignants en activit\u00e9, ou toute personne travaillant dans un cadre scolaire, ne peuvent pas \u00eatre membres passifs.<br \/>\nLes membres passifs n&rsquo;ont aucun droit \u00e0 l&rsquo;avoir social du syndicat et n&rsquo;ont qu&rsquo;une voix consultative aux assembl\u00e9es g\u00e9n\u00e9rales.<\/p>\n<p>Art. 6<br \/>\nDeviennent membres honoraires les membres actifs qui quittent l&rsquo;enseignement professionnel apr\u00e8s quinze ans de soci\u00e9tariat ou qui prennent leur retraite.<br \/>\nIls sont lib\u00e9r\u00e9s de toute cotisation.<br \/>\nIls n&rsquo;ont aucun droit \u00e0 l&rsquo;avoir social de la soci\u00e9t\u00e9 et n&rsquo;ont qu&rsquo;une voix consultative aux assembl\u00e9es g\u00e9n\u00e9rales.<\/p>\n<p>Art. 7<br \/>\nSont \u00e9lues membres d&rsquo;honneur les personnes qui ont rendu des services exceptionnels au syndicat; le titre est conf\u00e9r\u00e9 par l&rsquo;assembl\u00e9e g\u00e9n\u00e9rale sur proposition du comit\u00e9.<br \/>\nLes membres d&rsquo;honneur ont le droit de vote aux assembl\u00e9es g\u00e9n\u00e9rales.<br \/>\nIls sont lib\u00e9r\u00e9s de toute cotisation et n&rsquo;ont aucun droit \u00e0 l&rsquo;avoir social.<\/p>\n<p>Art. 8\u00a0Admissions<br \/>\n1. les demandes d&rsquo;admission au SVMEP doivent \u00eatre adress\u00e9es par \u00e9crit au comit\u00e9.<br \/>\n2. Celui dont l&rsquo;admission a \u00e9t\u00e9 refus\u00e9e peut recourir aupr\u00e8s de l&rsquo;assembl\u00e9e g\u00e9n\u00e9rale qui d\u00e9cide en dernier ressort.<\/p>\n<p>Art. 9\u00a0D\u00e9missions<br \/>\n1. La d\u00e9mission d&rsquo;un membre doit \u00eatre adress\u00e9e par \u00e9crit au comit\u00e9 pour la fin d&rsquo;une ann\u00e9e civile, mais au moins trente jours \u00e0 l&rsquo;avance.<br \/>\n2. Tout membre qui ne se sera pas acquitt\u00e9 du montant de sa cotisation et qui n&rsquo;aura pas donn\u00e9 suite au rappel qui lui aura \u00e9t\u00e9 adress\u00e9 sera consid\u00e9r\u00e9 comme d\u00e9missionnaire au terme de l&rsquo;ann\u00e9e civile.<\/p>\n<p>Art. 10\u00a0Exclusions<br \/>\n1. L&rsquo;exclusion d&rsquo;un membre est prononc\u00e9e par l&rsquo;assembl\u00e9e g\u00e9n\u00e9rale sur proposition du comit\u00e9 :<br \/>\na) s&rsquo;il ne se conforme pas aux pr\u00e9sents statuts;<br \/>\nb) s&rsquo;il se rend coupable d&rsquo;actes r\u00e9pr\u00e9hensibles aux int\u00e9r\u00eats du syndicat.<br \/>\n2. Quinze jours au moins avant la r\u00e9union de l&rsquo;assembl\u00e9e g\u00e9n\u00e9rale, le comit\u00e9 avise l&rsquo;int\u00e9ress\u00e9 par \u00e9crit de la proposition d&rsquo;exclusion dont il est l&rsquo;objet et lui donne la possibilit\u00e9 de pr\u00e9senter sa d\u00e9fense.<\/p>\n<p>Art. 11<br \/>\nTout membre d\u00e9missionnaire ou exclu perd ses droits \u00e0 l&rsquo;avoir du syndicat.<\/p>\n<p>Art. 12 R\u00e9int\u00e9gration<br \/>\nUn membre exclu ne peut \u00eatre admis \u00e0 nouveau que sur d\u00e9cision de l&rsquo;assembl\u00e9e g\u00e9n\u00e9rale.<\/p>\n<p>Art. 12 bis Responsabilit\u00e9<br \/>\nLes membres ne sont tenus que des prestations statutaires et ne r\u00e9pondent pas personnellement des dettes sociales.<\/p>\n<h4>Ressources &#8211; Cotisations<\/h4>\n<p>Art. 13\u00a0Ressources<br \/>\nLes ressources du SVMEP proviennent :<br \/>\n1. des cotisations des membres;<br \/>\n2. des dons, legs, etc.<\/p>\n<p>Art. 14\u00a0Cotisations<br \/>\nLe montant des cotisations est fix\u00e9 par l&rsquo;assembl\u00e9e g\u00e9n\u00e9rale sur pr\u00e9avis du comit\u00e9. Pour les membres actifs, il y a une cotisation unique.<\/p>\n<h4>Organes du syndicat<\/h4>\n<p>Art. 15\u00a0Organes<br \/>\nLes organes du SVMEP sont :<br \/>\n1. l&rsquo;assembl\u00e9e g\u00e9n\u00e9rale;<br \/>\n2. le comit\u00e9;<br \/>\n3. les assembl\u00e9es d&rsquo;\u00e9tablissements;<br \/>\n4. l&rsquo;assembl\u00e9e des d\u00e9l\u00e9gu\u00e9s;<br \/>\n5. les v\u00e9rificateurs des comptes;<br \/>\n6. les commissions sp\u00e9ciales.<\/p>\n<p>Art. 16\u00a0Assembl\u00e9e g\u00e9n\u00e9rale<br \/>\n1. L&rsquo;assembl\u00e9e g\u00e9n\u00e9rale ordinaire se r\u00e9unit au moins une fois par ann\u00e9e.<br \/>\n2. Une assembl\u00e9e g\u00e9n\u00e9rale extraordinaire peut \u00eatre convoqu\u00e9e \u00e0 la demande :<br \/>\na) du comit\u00e9;<br \/>\nb) de l&rsquo;assembl\u00e9e des d\u00e9l\u00e9gu\u00e9s;<br \/>\nc) du cinqui\u00e8me des membres.<br \/>\n3. La convocation \u00e0 l&rsquo;assembl\u00e9e g\u00e9n\u00e9rale est envoy\u00e9e au moins un mois \u00e0 l&rsquo;avance et mentionne l&rsquo;ordre du jour; ce d\u00e9lai peut \u00eatre ramen\u00e9 \u00e0 une semaine pour une assembl\u00e9e g\u00e9n\u00e9rale extraordinaire.<br \/>\n4. Les propositions et motions sont annonc\u00e9es au comit\u00e9 au moins quinze jours avant l&rsquo;assembl\u00e9e g\u00e9n\u00e9rale ordinaire.<\/p>\n<p>Art. 17\u00a0Attributions<br \/>\nL&rsquo;assembl\u00e9e g\u00e9n\u00e9rale :<br \/>\n1. discute et vote les rapports annuels et de gestion ainsi que le budget;<br \/>\n2. fixe les cotisations;<br \/>\n3. discute et vote les propositions pr\u00e9sent\u00e9es par le comit\u00e9, l&rsquo;assembl\u00e9e des d\u00e9l\u00e9gu\u00e9s ou les membres;<br \/>\n4. \u00e9lit le pr\u00e9sident, les autres membres du comit\u00e9, ainsi que les v\u00e9rificateurs des comptes et leurs suppl\u00e9ants;<br \/>\n5. statue en dernier ressort sur les recours contre les refus d&rsquo;admission, ainsi que sur les exclusions et les r\u00e9int\u00e9grations;<br \/>\n6. conf\u00e8re le titre de membre d&rsquo;honneur;<br \/>\n7. modifier les statuts selon l&rsquo;article 31;<br \/>\n8. d\u00e9cide de la dissolution du syndicat selon l&rsquo;article 32.<\/p>\n<p>Art. 18\u00a0Comit\u00e9<br \/>\n1. Le comit\u00e9 se compose de cinq \u00e0 neuf membres, \u00e9lus pour deux ans et r\u00e9\u00e9ligibles.<br \/>\n2. En principe, aucun membre du comit\u00e9 ne peut rester en fonction plus de six ann\u00e9es cons\u00e9cutives; cependant, des exceptions peuvent \u00eatre d\u00e9cid\u00e9es par l&rsquo;assembl\u00e9e g\u00e9n\u00e9rale.<br \/>\n3. En principe, tous les types d&rsquo;\u00e9coles professionnelles et pr\u00e9-professionnelles sont \u00e9quitablement repr\u00e9sent\u00e9s au comit\u00e9.<\/p>\n<p>Art. 19<br \/>\n1. En principe, le pr\u00e9sident, \u00e9lu au scrutin individuel pour deux ans, peut \u00eatre r\u00e9\u00e9lu comme tel pour une deuxi\u00e8me l\u00e9gislature seulement. Des exceptions peuvent \u00eatre d\u00e9cid\u00e9es par l&rsquo;Assembl\u00e9e g\u00e9n\u00e9rale.<br \/>\n2. Les autres membres du comit\u00e9, \u00e9lus au scrutin de liste, se r\u00e9partissent les diverses charges.<\/p>\n<p>Art. 20\u00a0Attributions<br \/>\nLe comit\u00e9 :<br \/>\n1. repr\u00e9sente le SVMEP;<br \/>\n2. convoque les assembl\u00e9es g\u00e9n\u00e9rales et des d\u00e9l\u00e9gu\u00e9s;<br \/>\n3. ex\u00e9cute les d\u00e9cisions prises par les assembl\u00e9es g\u00e9n\u00e9rales;<br \/>\n4. g\u00e8re les biens et propose le montant des cotisations;<br \/>\n5. nomme les commissions sp\u00e9ciales;<br \/>\n6. d\u00e9fend les int\u00e9r\u00eats g\u00e9n\u00e9raux des enseignants professionnels et techniques et s&rsquo;occupe des difficult\u00e9s que les soci\u00e9taires peuvent rencontrer;<br \/>\n7. d\u00e9fend la profession devant les pouvoirs publics, les associations politiques, \u00e9conomiques, professionnelles ou autres;<br \/>\n8. admet les nouveaux membres;<br \/>\n9. pr\u00e9avise en cas d&rsquo;exclusion et de r\u00e9int\u00e9gration d&rsquo;un membre, ainsi que de la nomination d&rsquo;un membre d&rsquo;honneur.<\/p>\n<p>Art. 21<br \/>\nLe comit\u00e9 est responsable devant l&rsquo;assembl\u00e9e g\u00e9n\u00e9rale \u00e0 laquelle il pr\u00e9sente chaque ann\u00e9e un rapport d&rsquo;activit\u00e9.<\/p>\n<p>Art. 22<br \/>\nLe comit\u00e9 pr\u00e9sente les comptes arr\u00eat\u00e9s au 31 d\u00e9cembre de chaque ann\u00e9e.<\/p>\n<p>Art. 23\u00a0\u00a0Assembl\u00e9e des d\u00e9l\u00e9gu\u00e9s<br \/>\n1. L&rsquo;assembl\u00e9e des d\u00e9l\u00e9gu\u00e9s assure la liaison entre les assembl\u00e9es d&rsquo;\u00e9tablissements et le comit\u00e9.<br \/>\n2. les assembl\u00e9es d&rsquo;\u00e9tablissement \u00e9lisent un ou plusieurs d\u00e9l\u00e9gu\u00e9s. A d\u00e9faut, le comit\u00e9 peut d\u00e9signer un ou plusieurs d\u00e9l\u00e9gu\u00e9s.<br \/>\n3. Chaque \u00e9tablissement a droit \u00e0 un d\u00e9l\u00e9gu\u00e9 au moins.<\/p>\n<p>Art. 24<br \/>\nL&rsquo;assembl\u00e9e des d\u00e9l\u00e9gu\u00e9s est convoqu\u00e9e par le comit\u00e9 au moins une fois par ann\u00e9e.<\/p>\n<p>Art. 25\u00a0Attributions<br \/>\nL&rsquo;assembl\u00e9e des d\u00e9l\u00e9gu\u00e9s :<br \/>\n1. aide le comit\u00e9 dans des d\u00e9cisions importantes qu&rsquo;il peut \u00eatre appel\u00e9 \u00e0 prendre;<br \/>\n2. demande, le cas \u00e9ch\u00e9ant, la convocation d&rsquo;une assembl\u00e9e g\u00e9n\u00e9rale extraordinaire.<\/p>\n<p>Art. 26\u00a0Assembl\u00e9es d&rsquo;\u00e9tablissement<br \/>\n1. Les assembl\u00e9es d&rsquo;\u00e9tablissement r\u00e9unissent tous les membres du syndicat rattach\u00e9s \u00e0 un m\u00eame \u00e9tablissement.<br \/>\n2. Les assembl\u00e9es d&rsquo;\u00e9tablissement s&rsquo;organisent elles-m\u00eames.<\/p>\n<p>Art. 27\u00a0Attributions<br \/>\nLes assembl\u00e9es d&rsquo;\u00e9tablissement :<br \/>\n1. \u00e9tudient, en se pronon\u00e7ant \u00e0 leur sujet, les questions qui leur sont soumises par le comit\u00e9, l&rsquo;assembl\u00e9e g\u00e9n\u00e9rale, l&rsquo;assembl\u00e9e des d\u00e9l\u00e9gu\u00e9s ou leurs propres membres;<br \/>\n2. d\u00e9cident devant quel organe du syndicat elles entendent porter les probl\u00e8mes qu&rsquo;elles ont soulev\u00e9s et les positions qu&rsquo;elles ont prises;<br \/>\n3. nomment les d\u00e9l\u00e9gu\u00e9s selon l&rsquo;article 23, alin\u00e9as 2 et 3;<br \/>\n4. peuvent proposer des candidats au comit\u00e9.<\/p>\n<p>Art. 28\u00a0V\u00e9rificateurs<br \/>\nLes comptes sont v\u00e9rifi\u00e9s \u00e0 la fin de chaque exercice par une commission de deux membres nomm\u00e9s par l&rsquo;assembl\u00e9e g\u00e9n\u00e9rale pour deux ans, renouvelable par moiti\u00e9. L&rsquo;assembl\u00e9e g\u00e9n\u00e9rale nomme \u00e9galement deux v\u00e9rificateurs suppl\u00e9ants.<\/p>\n<p>Art. 29\u00a0Commissions sp\u00e9ciales<br \/>\nLe comit\u00e9 peut en tout temps cr\u00e9er des commissions sp\u00e9ciales, charg\u00e9es de l&rsquo;\u00e9tude d&rsquo;un probl\u00e8me.<\/p>\n<p>Art. 30\u00a0Attributions<br \/>\nLe comit\u00e9 pr\u00e9cise les attributions des commissions sp\u00e9ciales qu&rsquo;il cr\u00e9e; c&rsquo;est \u00e0 lui que celles-ci doivent faire leur rapport.<\/p>\n<p>Art. 30 bis Fonds sp\u00e9cial<br \/>\nLe SVMEP dispose de fonds d&rsquo;aide. Lors de la cr\u00e9ation d&rsquo;un fonds d&rsquo;aide, l&rsquo;assembl\u00e9e g\u00e9n\u00e9rale en adopte le principe et en d\u00e9finit le cadre. Le comit\u00e9 est responsable de sa mise en oeuvre.<\/p>\n<h4>Dispositions finales et transitoires<\/h4>\n<p>Art. 31\u00a0Modification des statuts<br \/>\n1. Les pr\u00e9sents statuts peuvent \u00eatre modifi\u00e9es en tout temps par l&rsquo;assembl\u00e9e g\u00e9n\u00e9rale \u00e0 condition que cet objet soit \u00e0 l&rsquo;ordre du jour et annonc\u00e9 par les convocations.<br \/>\n2. Les d\u00e9cisions sont prises \u00e0 la majorit\u00e9 des membres actifs pr\u00e9sents.<\/p>\n<p>Art. 32\u00a0Dissolution<br \/>\n1. La dissolution est prononc\u00e9e par une assembl\u00e9e g\u00e9n\u00e9rale convoqu\u00e9e sp\u00e9cialement \u00e0 cet effet.<br \/>\n2. Elle n&rsquo;a lieu qu&rsquo;avec l&rsquo;approbation des trois quarts des membres actifs pr\u00e9sents.<br \/>\nLes pr\u00e9sents statuts ont \u00e9t\u00e9 adopt\u00e9s par l&rsquo;assembl\u00e9e g\u00e9n\u00e9rale du SVMEP du 3 mai 1980 et modifi\u00e9s par les assembl\u00e9es g\u00e9n\u00e9rales du 9 mai 1987, du 23 juin 2000 et du 23 mars 2017.<\/p>\n<p>Lausanne, le 23 mars 2017<\/p>\n<p>Le pr\u00e9sident : Jos\u00e9-Daniel Pernas<br \/>\nLe secr\u00e9taire : Daniel Sch\u00f6ni<\/p>\n","protected":false},"excerpt":{"rendered":"<p>Statuts du Syndicat vaudois des ma\u00eetres-ses de l&rsquo;enseignement professionnel \u00e9tat au 23 mars 2017 Dispositions g\u00e9n\u00e9rales Art. 1\u00a0Nature Le Syndicat vaudois des ma\u00eetres de l&rsquo;enseignement professionnel (SVMEP), fond\u00e9 en 1961, [&hellip;]<\/p>\n","protected":false},"author":2,"featured_media":0,"parent":0,"menu_order":0,"comment_status":"closed","ping_status":"closed","template":"template-biz.php","meta":{"footnotes":""},"class_list":["post-41","page","type-page","status-publish","hentry"],"yoast_head":"<!-- This site is optimized with the Yoast SEO plugin v27.4 - https:\/\/yoast.com\/product\/yoast-seo-wordpress\/ -->\n<title>Statuts - svmep.ch<\/title>\n<meta name=\"robots\" content=\"index, follow, max-snippet:-1, max-image-preview:large, max-video-preview:-1\" \/>\n<link rel=\"canonical\" href=\"https:\/\/sud.svmep.ch\/svmep\/statuts\/\" \/>\n<meta property=\"og:locale\" content=\"fr_FR\" \/>\n<meta property=\"og:type\" content=\"article\" \/>\n<meta property=\"og:title\" content=\"Statuts - svmep.ch\" \/>\n<meta property=\"og:description\" content=\"Statuts du Syndicat vaudois des ma\u00eetres-ses de l&rsquo;enseignement professionnel \u00e9tat au 23 mars 2017 Dispositions g\u00e9n\u00e9rales Art. 1\u00a0Nature Le Syndicat vaudois des ma\u00eetres de l&rsquo;enseignement professionnel (SVMEP), fond\u00e9 en 1961, [&hellip;]\" \/>\n<meta property=\"og:url\" content=\"https:\/\/sud.svmep.ch\/svmep\/statuts\/\" \/>\n<meta property=\"og:site_name\" content=\"svmep.ch\" \/>\n<meta property=\"article:modified_time\" content=\"2025-12-30T16:05:55+00:00\" \/>\n<meta name=\"twitter:card\" content=\"summary_large_image\" \/>\n<script type=\"application\/ld+json\" class=\"yoast-schema-graph\">{\"@context\":\"https:\\\/\\\/schema.org\",\"@graph\":[{\"@type\":\"WebPage\",\"@id\":\"https:\\\/\\\/sud.svmep.ch\\\/svmep\\\/statuts\\\/\",\"url\":\"https:\\\/\\\/sud.svmep.ch\\\/svmep\\\/statuts\\\/\",\"name\":\"Statuts - svmep.ch\",\"isPartOf\":{\"@id\":\"https:\\\/\\\/sud.svmep.ch\\\/svmep\\\/#website\"},\"datePublished\":\"2014-08-14T15:48:21+00:00\",\"dateModified\":\"2025-12-30T16:05:55+00:00\",\"breadcrumb\":{\"@id\":\"https:\\\/\\\/sud.svmep.ch\\\/svmep\\\/statuts\\\/#breadcrumb\"},\"inLanguage\":\"fr-FR\",\"potentialAction\":[{\"@type\":\"ReadAction\",\"target\":[\"https:\\\/\\\/sud.svmep.ch\\\/svmep\\\/statuts\\\/\"]}]},{\"@type\":\"BreadcrumbList\",\"@id\":\"https:\\\/\\\/sud.svmep.ch\\\/svmep\\\/statuts\\\/#breadcrumb\",\"itemListElement\":[{\"@type\":\"ListItem\",\"position\":1,\"name\":\"Accueil\",\"item\":\"https:\\\/\\\/sud.svmep.ch\\\/svmep\\\/\"},{\"@type\":\"ListItem\",\"position\":2,\"name\":\"Statuts\"}]},{\"@type\":\"WebSite\",\"@id\":\"https:\\\/\\\/sud.svmep.ch\\\/svmep\\\/#website\",\"url\":\"https:\\\/\\\/sud.svmep.ch\\\/svmep\\\/\",\"name\":\"Syndicat vaudois des ma\u00eetres.ses de l'enseignement professionnel\",\"description\":\"\",\"publisher\":{\"@id\":\"https:\\\/\\\/sud.svmep.ch\\\/svmep\\\/#organization\"},\"alternateName\":\"SVMEP\",\"potentialAction\":[{\"@type\":\"SearchAction\",\"target\":{\"@type\":\"EntryPoint\",\"urlTemplate\":\"https:\\\/\\\/sud.svmep.ch\\\/svmep\\\/?s={search_term_string}\"},\"query-input\":{\"@type\":\"PropertyValueSpecification\",\"valueRequired\":true,\"valueName\":\"search_term_string\"}}],\"inLanguage\":\"fr-FR\"},{\"@type\":\"Organization\",\"@id\":\"https:\\\/\\\/sud.svmep.ch\\\/svmep\\\/#organization\",\"name\":\"Syndicat vaudois des ma\u00eetres.ses de l'enseignement professionnel SVMEP\",\"alternateName\":\"SVMEP\",\"url\":\"https:\\\/\\\/sud.svmep.ch\\\/svmep\\\/\",\"logo\":{\"@type\":\"ImageObject\",\"inLanguage\":\"fr-FR\",\"@id\":\"https:\\\/\\\/sud.svmep.ch\\\/svmep\\\/#\\\/schema\\\/logo\\\/image\\\/\",\"url\":\"https:\\\/\\\/sud.svmep.ch\\\/svmep\\\/wp-content\\\/uploads\\\/2024\\\/09\\\/svmep150x260.jpg\",\"contentUrl\":\"https:\\\/\\\/sud.svmep.ch\\\/svmep\\\/wp-content\\\/uploads\\\/2024\\\/09\\\/svmep150x260.jpg\",\"width\":226,\"height\":127,\"caption\":\"Syndicat vaudois des ma\u00eetres.ses de l'enseignement professionnel SVMEP\"},\"image\":{\"@id\":\"https:\\\/\\\/sud.svmep.ch\\\/svmep\\\/#\\\/schema\\\/logo\\\/image\\\/\"}}]}<\/script>\n<!-- \/ Yoast SEO plugin. -->","yoast_head_json":{"title":"Statuts - svmep.ch","robots":{"index":"index","follow":"follow","max-snippet":"max-snippet:-1","max-image-preview":"max-image-preview:large","max-video-preview":"max-video-preview:-1"},"canonical":"https:\/\/sud.svmep.ch\/svmep\/statuts\/","og_locale":"fr_FR","og_type":"article","og_title":"Statuts - svmep.ch","og_description":"Statuts du Syndicat vaudois des ma\u00eetres-ses de l&rsquo;enseignement professionnel \u00e9tat au 23 mars 2017 Dispositions g\u00e9n\u00e9rales Art. 1\u00a0Nature Le Syndicat vaudois des ma\u00eetres de l&rsquo;enseignement professionnel (SVMEP), fond\u00e9 en 1961, [&hellip;]","og_url":"https:\/\/sud.svmep.ch\/svmep\/statuts\/","og_site_name":"svmep.ch","article_modified_time":"2025-12-30T16:05:55+00:00","twitter_card":"summary_large_image","schema":{"@context":"https:\/\/schema.org","@graph":[{"@type":"WebPage","@id":"https:\/\/sud.svmep.ch\/svmep\/statuts\/","url":"https:\/\/sud.svmep.ch\/svmep\/statuts\/","name":"Statuts - svmep.ch","isPartOf":{"@id":"https:\/\/sud.svmep.ch\/svmep\/#website"},"datePublished":"2014-08-14T15:48:21+00:00","dateModified":"2025-12-30T16:05:55+00:00","breadcrumb":{"@id":"https:\/\/sud.svmep.ch\/svmep\/statuts\/#breadcrumb"},"inLanguage":"fr-FR","potentialAction":[{"@type":"ReadAction","target":["https:\/\/sud.svmep.ch\/svmep\/statuts\/"]}]},{"@type":"BreadcrumbList","@id":"https:\/\/sud.svmep.ch\/svmep\/statuts\/#breadcrumb","itemListElement":[{"@type":"ListItem","position":1,"name":"Accueil","item":"https:\/\/sud.svmep.ch\/svmep\/"},{"@type":"ListItem","position":2,"name":"Statuts"}]},{"@type":"WebSite","@id":"https:\/\/sud.svmep.ch\/svmep\/#website","url":"https:\/\/sud.svmep.ch\/svmep\/","name":"Syndicat vaudois des ma\u00eetres.ses de l'enseignement professionnel","description":"","publisher":{"@id":"https:\/\/sud.svmep.ch\/svmep\/#organization"},"alternateName":"SVMEP","potentialAction":[{"@type":"SearchAction","target":{"@type":"EntryPoint","urlTemplate":"https:\/\/sud.svmep.ch\/svmep\/?s={search_term_string}"},"query-input":{"@type":"PropertyValueSpecification","valueRequired":true,"valueName":"search_term_string"}}],"inLanguage":"fr-FR"},{"@type":"Organization","@id":"https:\/\/sud.svmep.ch\/svmep\/#organization","name":"Syndicat vaudois des ma\u00eetres.ses de l'enseignement professionnel SVMEP","alternateName":"SVMEP","url":"https:\/\/sud.svmep.ch\/svmep\/","logo":{"@type":"ImageObject","inLanguage":"fr-FR","@id":"https:\/\/sud.svmep.ch\/svmep\/#\/schema\/logo\/image\/","url":"https:\/\/sud.svmep.ch\/svmep\/wp-content\/uploads\/2024\/09\/svmep150x260.jpg","contentUrl":"https:\/\/sud.svmep.ch\/svmep\/wp-content\/uploads\/2024\/09\/svmep150x260.jpg","width":226,"height":127,"caption":"Syndicat vaudois des ma\u00eetres.ses de l'enseignement professionnel SVMEP"},"image":{"@id":"https:\/\/sud.svmep.ch\/svmep\/#\/schema\/logo\/image\/"}}]}},"_links":{"self":[{"href":"https:\/\/sud.svmep.ch\/svmep\/wp-json\/wp\/v2\/pages\/41","targetHints":{"allow":["GET"]}}],"collection":[{"href":"https:\/\/sud.svmep.ch\/svmep\/wp-json\/wp\/v2\/pages"}],"about":[{"href":"https:\/\/sud.svmep.ch\/svmep\/wp-json\/wp\/v2\/types\/page"}],"author":[{"embeddable":true,"href":"https:\/\/sud.svmep.ch\/svmep\/wp-json\/wp\/v2\/users\/2"}],"replies":[{"embeddable":true,"href":"https:\/\/sud.svmep.ch\/svmep\/wp-json\/wp\/v2\/comments?post=41"}],"version-history":[{"count":0,"href":"https:\/\/sud.svmep.ch\/svmep\/wp-json\/wp\/v2\/pages\/41\/revisions"}],"wp:attachment":[{"href":"https:\/\/sud.svmep.ch\/svmep\/wp-json\/wp\/v2\/media?parent=41"}],"curies":[{"name":"wp","href":"https:\/\/api.w.org\/{rel}","templated":true}]}}