{"id":2161,"date":"2025-05-20T09:29:23","date_gmt":"2025-05-20T08:29:23","guid":{"rendered":"https:\/\/sud.svmep.ch\/svmep\/?post_type=tribe_events&#038;p=2161"},"modified":"2025-05-29T08:58:11","modified_gmt":"2025-05-29T07:58:11","slug":"assemblee-du-personnel-enseignant-epca-epcl-et-epcn","status":"publish","type":"tribe_events","link":"https:\/\/sud.svmep.ch\/svmep\/event\/assemblee-du-personnel-enseignant-epca-epcl-et-epcn\/","title":{"rendered":"Assembl\u00e9e du personnel enseignant EPCA, EPCL et EPCN"},"content":{"rendered":"<h2><span style=\"font-family: helvetica, arial, sans-serif; color: #b00b0b;\">Transfert de l&rsquo;\u00c9cole de commerce<\/span><\/h2>\n<p><span style=\"font-family: helvetica, arial, sans-serif;\"> Apr\u00e8s l\u2019annonce faite par le DEF, la parole doit \u00e9galement pouvoir s&rsquo;exprimer depuis la r\u00e9alit\u00e9 des trois \u00e9coles qui vont devoir absorber l&rsquo;\u00c9cole de commerce. C&rsquo;est pourquoi nous vous proposons une <strong>assembl\u00e9e concernant l&rsquo;arriv\u00e9e de ces classes \u00e0 l&rsquo;EPCA, l&rsquo;EPCL et l&rsquo;EPCN et ses cons\u00e9quences<\/strong> (contrats de travail, transferts, gestion des b\u00e2timents, infrastructures, etc.).<\/span><\/p>\n<p><span style=\"font-family: helvetica, arial, sans-serif;\"> L&rsquo;assembl\u00e9e, \u00e9galement ouverte aux enseignant.e.s non-membres du SVMEP, vise \u00e0 r\u00e9pondre \u00e0 vos questions et \u00e0 \u00e9changer sur le changement important que va vivre votre \u00e9cole : temporalit\u00e9 du transfert, sens de cette de mesure, perte de fili\u00e8res actuelles, potentielles revendications, etc.<\/span><\/p>\n<p><span style=\"font-family: courier new, courier, monospace; font-size: 18pt;\"><a href=\"https:\/\/sud.svmep.ch\/svmep\/wp-content\/uploads\/2025-06-05_AG_commerce.pdf\"><span style=\"font-size: 24pt;\"><strong>Affiche Assembl\u00e9e EPCA-EPCL-EPCN<\/strong><\/span><\/a><\/span><\/p>\n","protected":false},"excerpt":{"rendered":"<p>Transfert de l&rsquo;\u00c9cole de commerce Apr\u00e8s l\u2019annonce faite par le DEF, la parole doit \u00e9galement pouvoir s&rsquo;exprimer depuis la r\u00e9alit\u00e9 des trois \u00e9coles qui vont devoir absorber l&rsquo;\u00c9cole de commerce. [&hellip;]<\/p>\n","protected":false},"author":4,"featured_media":0,"template":"","meta":{"_tribe_events_status":"","_tribe_events_status_reason":"","footnotes":""},"tags":[],"tribe_events_cat":[],"class_list":["post-2161","tribe_events","type-tribe_events","status-publish","hentry"],"yoast_head":"<!-- This site is optimized with the Yoast SEO plugin v27.4 - https:\/\/yoast.com\/product\/yoast-seo-wordpress\/ -->\n<title>Assembl\u00e9e du personnel enseignant EPCA, EPCL et EPCN - svmep.ch<\/title>\n<meta name=\"description\" content=\"Assembl\u00e9e du SVMEP concernant le transfert des classes de l&#039;\u00c9cole de commerce \u00e0 l&#039;EPCA, l&#039;EPCL et l&#039;EPCN.\" \/>\n<meta name=\"robots\" content=\"index, follow, max-snippet:-1, max-image-preview:large, max-video-preview:-1\" \/>\n<link rel=\"canonical\" href=\"https:\/\/sud.svmep.ch\/svmep\/event\/assemblee-du-personnel-enseignant-epca-epcl-et-epcn\/\" \/>\n<meta property=\"og:locale\" content=\"fr_FR\" \/>\n<meta property=\"og:type\" content=\"article\" \/>\n<meta property=\"og:title\" content=\"Assembl\u00e9e du personnel enseignant EPCA, EPCL et EPCN - svmep.ch\" \/>\n<meta property=\"og:description\" content=\"Assembl\u00e9e du SVMEP concernant le transfert des classes de l&#039;\u00c9cole de commerce \u00e0 l&#039;EPCA, l&#039;EPCL et l&#039;EPCN.\" \/>\n<meta property=\"og:url\" content=\"https:\/\/sud.svmep.ch\/svmep\/event\/assemblee-du-personnel-enseignant-epca-epcl-et-epcn\/\" \/>\n<meta property=\"og:site_name\" content=\"svmep.ch\" \/>\n<meta property=\"article:modified_time\" content=\"2025-05-29T07:58:11+00:00\" \/>\n<meta name=\"twitter:card\" content=\"summary_large_image\" \/>\n<script type=\"application\/ld+json\" class=\"yoast-schema-graph\">{\"@context\":\"https:\\\/\\\/schema.org\",\"@graph\":[{\"@type\":\"WebPage\",\"@id\":\"https:\\\/\\\/sud.svmep.ch\\\/svmep\\\/event\\\/assemblee-du-personnel-enseignant-epca-epcl-et-epcn\\\/\",\"url\":\"https:\\\/\\\/sud.svmep.ch\\\/svmep\\\/event\\\/assemblee-du-personnel-enseignant-epca-epcl-et-epcn\\\/\",\"name\":\"Assembl\u00e9e du personnel enseignant EPCA, EPCL et EPCN - svmep.ch\",\"isPartOf\":{\"@id\":\"https:\\\/\\\/sud.svmep.ch\\\/svmep\\\/#website\"},\"datePublished\":\"2025-05-20T08:29:23+00:00\",\"dateModified\":\"2025-05-29T07:58:11+00:00\",\"description\":\"Assembl\u00e9e du SVMEP concernant le transfert des classes de l'\u00c9cole de commerce \u00e0 l'EPCA, l'EPCL et l'EPCN.\",\"breadcrumb\":{\"@id\":\"https:\\\/\\\/sud.svmep.ch\\\/svmep\\\/event\\\/assemblee-du-personnel-enseignant-epca-epcl-et-epcn\\\/#breadcrumb\"},\"inLanguage\":\"fr-FR\",\"potentialAction\":[{\"@type\":\"ReadAction\",\"target\":[\"https:\\\/\\\/sud.svmep.ch\\\/svmep\\\/event\\\/assemblee-du-personnel-enseignant-epca-epcl-et-epcn\\\/\"]}]},{\"@type\":\"BreadcrumbList\",\"@id\":\"https:\\\/\\\/sud.svmep.ch\\\/svmep\\\/event\\\/assemblee-du-personnel-enseignant-epca-epcl-et-epcn\\\/#breadcrumb\",\"itemListElement\":[{\"@type\":\"ListItem\",\"position\":1,\"name\":\"Accueil\",\"item\":\"https:\\\/\\\/sud.svmep.ch\\\/svmep\\\/\"},{\"@type\":\"ListItem\",\"position\":2,\"name\":\"\u00c9v\u00e8nements\",\"item\":\"https:\\\/\\\/sud.svmep.ch\\\/svmep\\\/events\\\/\"},{\"@type\":\"ListItem\",\"position\":3,\"name\":\"Assembl\u00e9e du personnel enseignant EPCA, EPCL et EPCN\"}]},{\"@type\":\"WebSite\",\"@id\":\"https:\\\/\\\/sud.svmep.ch\\\/svmep\\\/#website\",\"url\":\"https:\\\/\\\/sud.svmep.ch\\\/svmep\\\/\",\"name\":\"Syndicat vaudois des ma\u00eetres.ses de l'enseignement professionnel\",\"description\":\"\",\"publisher\":{\"@id\":\"https:\\\/\\\/sud.svmep.ch\\\/svmep\\\/#organization\"},\"alternateName\":\"SVMEP\",\"potentialAction\":[{\"@type\":\"SearchAction\",\"target\":{\"@type\":\"EntryPoint\",\"urlTemplate\":\"https:\\\/\\\/sud.svmep.ch\\\/svmep\\\/?s={search_term_string}\"},\"query-input\":{\"@type\":\"PropertyValueSpecification\",\"valueRequired\":true,\"valueName\":\"search_term_string\"}}],\"inLanguage\":\"fr-FR\"},{\"@type\":\"Organization\",\"@id\":\"https:\\\/\\\/sud.svmep.ch\\\/svmep\\\/#organization\",\"name\":\"Syndicat vaudois des ma\u00eetres.ses de l'enseignement professionnel SVMEP\",\"alternateName\":\"SVMEP\",\"url\":\"https:\\\/\\\/sud.svmep.ch\\\/svmep\\\/\",\"logo\":{\"@type\":\"ImageObject\",\"inLanguage\":\"fr-FR\",\"@id\":\"https:\\\/\\\/sud.svmep.ch\\\/svmep\\\/#\\\/schema\\\/logo\\\/image\\\/\",\"url\":\"https:\\\/\\\/sud.svmep.ch\\\/svmep\\\/wp-content\\\/uploads\\\/2024\\\/09\\\/svmep150x260.jpg\",\"contentUrl\":\"https:\\\/\\\/sud.svmep.ch\\\/svmep\\\/wp-content\\\/uploads\\\/2024\\\/09\\\/svmep150x260.jpg\",\"width\":226,\"height\":127,\"caption\":\"Syndicat vaudois des ma\u00eetres.ses de l'enseignement professionnel SVMEP\"},\"image\":{\"@id\":\"https:\\\/\\\/sud.svmep.ch\\\/svmep\\\/#\\\/schema\\\/logo\\\/image\\\/\"}}]}<\/script>\n<!-- \/ Yoast SEO plugin. -->","yoast_head_json":{"title":"Assembl\u00e9e du personnel enseignant EPCA, EPCL et EPCN - svmep.ch","description":"Assembl\u00e9e du SVMEP concernant le transfert des classes de l'\u00c9cole de commerce \u00e0 l'EPCA, l'EPCL et l'EPCN.","robots":{"index":"index","follow":"follow","max-snippet":"max-snippet:-1","max-image-preview":"max-image-preview:large","max-video-preview":"max-video-preview:-1"},"canonical":"https:\/\/sud.svmep.ch\/svmep\/event\/assemblee-du-personnel-enseignant-epca-epcl-et-epcn\/","og_locale":"fr_FR","og_type":"article","og_title":"Assembl\u00e9e du personnel enseignant EPCA, EPCL et EPCN - svmep.ch","og_description":"Assembl\u00e9e du SVMEP concernant le transfert des classes de l'\u00c9cole de commerce \u00e0 l'EPCA, l'EPCL et l'EPCN.","og_url":"https:\/\/sud.svmep.ch\/svmep\/event\/assemblee-du-personnel-enseignant-epca-epcl-et-epcn\/","og_site_name":"svmep.ch","article_modified_time":"2025-05-29T07:58:11+00:00","twitter_card":"summary_large_image","schema":{"@context":"https:\/\/schema.org","@graph":[{"@type":"WebPage","@id":"https:\/\/sud.svmep.ch\/svmep\/event\/assemblee-du-personnel-enseignant-epca-epcl-et-epcn\/","url":"https:\/\/sud.svmep.ch\/svmep\/event\/assemblee-du-personnel-enseignant-epca-epcl-et-epcn\/","name":"Assembl\u00e9e du personnel enseignant EPCA, EPCL et EPCN - svmep.ch","isPartOf":{"@id":"https:\/\/sud.svmep.ch\/svmep\/#website"},"datePublished":"2025-05-20T08:29:23+00:00","dateModified":"2025-05-29T07:58:11+00:00","description":"Assembl\u00e9e du SVMEP concernant le transfert des classes de l'\u00c9cole de commerce \u00e0 l'EPCA, l'EPCL et l'EPCN.","breadcrumb":{"@id":"https:\/\/sud.svmep.ch\/svmep\/event\/assemblee-du-personnel-enseignant-epca-epcl-et-epcn\/#breadcrumb"},"inLanguage":"fr-FR","potentialAction":[{"@type":"ReadAction","target":["https:\/\/sud.svmep.ch\/svmep\/event\/assemblee-du-personnel-enseignant-epca-epcl-et-epcn\/"]}]},{"@type":"BreadcrumbList","@id":"https:\/\/sud.svmep.ch\/svmep\/event\/assemblee-du-personnel-enseignant-epca-epcl-et-epcn\/#breadcrumb","itemListElement":[{"@type":"ListItem","position":1,"name":"Accueil","item":"https:\/\/sud.svmep.ch\/svmep\/"},{"@type":"ListItem","position":2,"name":"\u00c9v\u00e8nements","item":"https:\/\/sud.svmep.ch\/svmep\/events\/"},{"@type":"ListItem","position":3,"name":"Assembl\u00e9e du personnel enseignant EPCA, EPCL et EPCN"}]},{"@type":"WebSite","@id":"https:\/\/sud.svmep.ch\/svmep\/#website","url":"https:\/\/sud.svmep.ch\/svmep\/","name":"Syndicat vaudois des ma\u00eetres.ses de l'enseignement professionnel","description":"","publisher":{"@id":"https:\/\/sud.svmep.ch\/svmep\/#organization"},"alternateName":"SVMEP","potentialAction":[{"@type":"SearchAction","target":{"@type":"EntryPoint","urlTemplate":"https:\/\/sud.svmep.ch\/svmep\/?s={search_term_string}"},"query-input":{"@type":"PropertyValueSpecification","valueRequired":true,"valueName":"search_term_string"}}],"inLanguage":"fr-FR"},{"@type":"Organization","@id":"https:\/\/sud.svmep.ch\/svmep\/#organization","name":"Syndicat vaudois des ma\u00eetres.ses de l'enseignement professionnel SVMEP","alternateName":"SVMEP","url":"https:\/\/sud.svmep.ch\/svmep\/","logo":{"@type":"ImageObject","inLanguage":"fr-FR","@id":"https:\/\/sud.svmep.ch\/svmep\/#\/schema\/logo\/image\/","url":"https:\/\/sud.svmep.ch\/svmep\/wp-content\/uploads\/2024\/09\/svmep150x260.jpg","contentUrl":"https:\/\/sud.svmep.ch\/svmep\/wp-content\/uploads\/2024\/09\/svmep150x260.jpg","width":226,"height":127,"caption":"Syndicat vaudois des ma\u00eetres.ses de l'enseignement professionnel SVMEP"},"image":{"@id":"https:\/\/sud.svmep.ch\/svmep\/#\/schema\/logo\/image\/"}}]}},"_links":{"self":[{"href":"https:\/\/sud.svmep.ch\/svmep\/wp-json\/wp\/v2\/tribe_events\/2161","targetHints":{"allow":["GET"]}}],"collection":[{"href":"https:\/\/sud.svmep.ch\/svmep\/wp-json\/wp\/v2\/tribe_events"}],"about":[{"href":"https:\/\/sud.svmep.ch\/svmep\/wp-json\/wp\/v2\/types\/tribe_events"}],"author":[{"embeddable":true,"href":"https:\/\/sud.svmep.ch\/svmep\/wp-json\/wp\/v2\/users\/4"}],"version-history":[{"count":0,"href":"https:\/\/sud.svmep.ch\/svmep\/wp-json\/wp\/v2\/tribe_events\/2161\/revisions"}],"wp:attachment":[{"href":"https:\/\/sud.svmep.ch\/svmep\/wp-json\/wp\/v2\/media?parent=2161"}],"wp:term":[{"taxonomy":"post_tag","embeddable":true,"href":"https:\/\/sud.svmep.ch\/svmep\/wp-json\/wp\/v2\/tags?post=2161"},{"taxonomy":"tribe_events_cat","embeddable":true,"href":"https:\/\/sud.svmep.ch\/svmep\/wp-json\/wp\/v2\/tribe_events_cat?post=2161"}],"curies":[{"name":"wp","href":"https:\/\/api.w.org\/{rel}","templated":true}]}}

Assemblée du personnel enseignant EPCA, EPCL et EPCN

<h2><span style="font-family: helvetica, arial, sans-serif; color: #b00b0b;">Transfert de l&rsquo;École de commerce</span></h2>
<p><span style="font-family: helvetica, arial, sans-serif;"> Après l’annonce faite par le DEF, la parole doit également pouvoir s&rsquo;exprimer depuis la réalité des trois écoles qui vont devoir absorber l&rsquo;École de commerce. C&rsquo;est pourquoi nous vous proposons une <strong>assemblée concernant l&rsquo;arrivée de ces classes à l&rsquo;EPCA, l&rsquo;EPCL et l&rsquo;EPCN et ses conséquences</strong> (contrats de travail, transferts, gestion des bâtiments, infrastructures, etc.).</span></p>
<p><span style="font-family: helvetica, arial, sans-serif;"> L&rsquo;assemblée, également ouverte aux enseignant.e.s non-membres du SVMEP, vise à répondre à vos questions et à échanger sur le changement important que va vivre votre école : temporalité du transfert, sens de cette de mesure, perte de filières actuelles, potentielles revendications, etc.</span></p>
<p><span style="font-family: courier new, courier, monospace; font-size: 18pt;"><a href="https://sud.svmep.ch/svmep/wp-content/uploads/2025-06-05_AG_commerce.pdf"><span style="font-size: 24pt;"><strong>Affiche Assemblée EPCA-EPCL-EPCN</strong></span></a></span></p>

<p>Transfert de l&rsquo;École de commerce Après l’annonce faite par le DEF, la parole doit également pouvoir s&rsquo;exprimer depuis la réalité des trois écoles qui vont devoir absorber l&rsquo;École de commerce. [&hellip;]</p>

<!-- This site is optimized with the Yoast SEO plugin v27.4 - https://yoast.com/product/yoast-seo-wordpress/ -->
<title>Assemblée du personnel enseignant EPCA, EPCL et EPCN - svmep.ch</title>
<meta name="description" content="Assemblée du SVMEP concernant le transfert des classes de l&#039;École de commerce à l&#039;EPCA, l&#039;EPCL et l&#039;EPCN." />
<meta name="robots" content="index, follow, max-snippet:-1, max-image-preview:large, max-video-preview:-1" />
<link rel="canonical" href="https://sud.svmep.ch/svmep/event/assemblee-du-personnel-enseignant-epca-epcl-et-epcn/" />
<meta property="og:locale" content="fr_FR" />
<meta property="og:type" content="article" />
<meta property="og:title" content="Assemblée du personnel enseignant EPCA, EPCL et EPCN - svmep.ch" />
<meta property="og:description" content="Assemblée du SVMEP concernant le transfert des classes de l&#039;École de commerce à l&#039;EPCA, l&#039;EPCL et l&#039;EPCN." />
<meta property="og:url" content="https://sud.svmep.ch/svmep/event/assemblee-du-personnel-enseignant-epca-epcl-et-epcn/" />
<meta property="og:site_name" content="svmep.ch" />
<meta property="article:modified_time" content="2025-05-29T07:58:11+00:00" />
<meta name="twitter:card" content="summary_large_image" />
<script type="application/ld+json" class="yoast-schema-graph">{"@context":"https:\/\/schema.org","@graph":[{"@type":"WebPage","@id":"https:\/\/sud.svmep.ch\/svmep\/event\/assemblee-du-personnel-enseignant-epca-epcl-et-epcn\/","url":"https:\/\/sud.svmep.ch\/svmep\/event\/assemblee-du-personnel-enseignant-epca-epcl-et-epcn\/","name":"Assemblée du personnel enseignant EPCA, EPCL et EPCN - svmep.ch","isPartOf":{"@id":"https:\/\/sud.svmep.ch\/svmep\/#website"},"datePublished":"2025-05-20T08:29:23+00:00","dateModified":"2025-05-29T07:58:11+00:00","description":"Assemblée du SVMEP concernant le transfert des classes de l'École de commerce à l'EPCA, l'EPCL et l'EPCN.","breadcrumb":{"@id":"https:\/\/sud.svmep.ch\/svmep\/event\/assemblee-du-personnel-enseignant-epca-epcl-et-epcn\/#breadcrumb"},"inLanguage":"fr-FR","potentialAction":[{"@type":"ReadAction","target":["https:\/\/sud.svmep.ch\/svmep\/event\/assemblee-du-personnel-enseignant-epca-epcl-et-epcn\/"]}]},{"@type":"BreadcrumbList","@id":"https:\/\/sud.svmep.ch\/svmep\/event\/assemblee-du-personnel-enseignant-epca-epcl-et-epcn\/#breadcrumb","itemListElement":[{"@type":"ListItem","position":1,"name":"Accueil","item":"https:\/\/sud.svmep.ch\/svmep\/"},{"@type":"ListItem","position":2,"name":"Évènements","item":"https:\/\/sud.svmep.ch\/svmep\/events\/"},{"@type":"ListItem","position":3,"name":"Assemblée du personnel enseignant EPCA, EPCL et EPCN"}]},{"@type":"WebSite","@id":"https:\/\/sud.svmep.ch\/svmep\/#website","url":"https:\/\/sud.svmep.ch\/svmep\/","name":"Syndicat vaudois des maîtres.ses de l'enseignement professionnel","description":"","publisher":{"@id":"https:\/\/sud.svmep.ch\/svmep\/#organization"},"alternateName":"SVMEP","potentialAction":[{"@type":"SearchAction","target":{"@type":"EntryPoint","urlTemplate":"https:\/\/sud.svmep.ch\/svmep\/?s={search_term_string}"},"query-input":{"@type":"PropertyValueSpecification","valueRequired":true,"valueName":"search_term_string"}}],"inLanguage":"fr-FR"},{"@type":"Organization","@id":"https:\/\/sud.svmep.ch\/svmep\/#organization","name":"Syndicat vaudois des maîtres.ses de l'enseignement professionnel SVMEP","alternateName":"SVMEP","url":"https:\/\/sud.svmep.ch\/svmep\/","logo":{"@type":"ImageObject","inLanguage":"fr-FR","@id":"https:\/\/sud.svmep.ch\/svmep\/#\/schema\/logo\/image\/","url":"https:\/\/sud.svmep.ch\/svmep\/wp-content\/uploads\/2024\/09\/svmep150x260.jpg","contentUrl":"https:\/\/sud.svmep.ch\/svmep\/wp-content\/uploads\/2024\/09\/svmep150x260.jpg","width":226,"height":127,"caption":"Syndicat vaudois des maîtres.ses de l'enseignement professionnel SVMEP"},"image":{"@id":"https:\/\/sud.svmep.ch\/svmep\/#\/schema\/logo\/image\/"}}]}</script>
<!-- / Yoast SEO plugin. -->

Assemblée du personnel enseignant EPCA, EPCL et EPCN - svmep.ch

Assemblée du SVMEP concernant le transfert des classes de l'École de commerce à l'EPCA, l'EPCL et l'EPCN.

Évènements

Syndicat vaudois des maîtres.ses de l'enseignement professionnel

Syndicat vaudois des maîtres.ses de l'enseignement professionnel SVMEP
