{"id":2328,"date":"2025-11-14T22:53:36","date_gmt":"2025-11-14T21:53:36","guid":{"rendered":"https:\/\/sud.svmep.ch\/svmep\/?post_type=tribe_events&#038;p=2328"},"modified":"2025-11-15T09:34:33","modified_gmt":"2025-11-15T08:34:33","slug":"manifestation-contre-les-coupes-budgetaires","status":"publish","type":"tribe_events","link":"https:\/\/sud.svmep.ch\/svmep\/event\/manifestation-contre-les-coupes-budgetaires\/","title":{"rendered":"Manifestation contre les coupes budg\u00e9taires"},"content":{"rendered":"<h3>Esplanade de Montbenon, Lausanne. Rassemblement d\u00e8s 17h30, d\u00e9part du cort\u00e8ge \u00e0 18h.<img loading=\"lazy\" decoding=\"async\" class=\"alignright size-thumbnail wp-image-1570\" src=\"https:\/\/sud.svmep.ch\/svmep\/wp-content\/uploads\/2024\/11\/tenir-les-coudes-copie-150x150.jpg\" alt=\"\" width=\"150\" height=\"150\" \/><\/h3>\n<p>La <a href=\"https:\/\/youtube.com\/shorts\/-ak8FS0bqSM?si=_kDO0QlyYQwy42-f\" target=\"_blank\" rel=\"noopener\">manifestation du 2 octobre a e\u0301te\u0301 un immense succe\u0300s<\/a>, avec 15\u2019000 personnes dans la rue en de\u0301fense des services publics et parapublics, des salaires et des conditions de travail.<\/p>\n<h4 style=\"text-align: center;\"><span style=\"color: #d91e0e;\">Le 18 novembre, journ\u00e9e de gr\u00e8ve et d&rsquo;actions, et toutes et tous \u00e0 la manifestation unitaire !<\/span><\/h4>\n","protected":false},"excerpt":{"rendered":"<p>Esplanade de Montbenon, Lausanne. Rassemblement d\u00e8s 17h30, d\u00e9part du cort\u00e8ge \u00e0 18h. La manifestation du 2 octobre a e\u0301te\u0301 un immense succe\u0300s, avec 15\u2019000 personnes dans la rue en de\u0301fense [&hellip;]<\/p>\n","protected":false},"author":4,"featured_media":0,"template":"","meta":{"_tribe_events_status":"","_tribe_events_status_reason":"","footnotes":""},"tags":[],"tribe_events_cat":[53],"class_list":["post-2328","tribe_events","type-tribe_events","status-publish","hentry","tribe_events_cat-coupes-budgetaires","cat_coupes-budgetaires"],"yoast_head":"<!-- This site is optimized with the Yoast SEO plugin v27.4 - https:\/\/yoast.com\/product\/yoast-seo-wordpress\/ -->\n<title>Manifestation contre les coupes budg\u00e9taires - svmep.ch<\/title>\n<meta name=\"description\" content=\"Manifestation unitaire \u00e0 Lausanne contre les coupes budg\u00e9taires.\" \/>\n<meta name=\"robots\" content=\"index, follow, max-snippet:-1, max-image-preview:large, max-video-preview:-1\" \/>\n<link rel=\"canonical\" href=\"https:\/\/sud.svmep.ch\/svmep\/event\/manifestation-contre-les-coupes-budgetaires\/\" \/>\n<meta property=\"og:locale\" content=\"fr_FR\" \/>\n<meta property=\"og:type\" content=\"article\" \/>\n<meta property=\"og:title\" content=\"Manifestation contre les coupes budg\u00e9taires - svmep.ch\" \/>\n<meta property=\"og:description\" content=\"Manifestation unitaire \u00e0 Lausanne contre les coupes budg\u00e9taires.\" \/>\n<meta property=\"og:url\" content=\"https:\/\/sud.svmep.ch\/svmep\/event\/manifestation-contre-les-coupes-budgetaires\/\" \/>\n<meta property=\"og:site_name\" content=\"svmep.ch\" \/>\n<meta property=\"article:modified_time\" content=\"2025-11-15T08:34:33+00:00\" \/>\n<meta property=\"og:image\" content=\"https:\/\/sud.svmep.ch\/svmep\/wp-content\/uploads\/2024\/11\/tenir-les-coudes-copie.jpg\" \/>\n\t<meta property=\"og:image:width\" content=\"847\" \/>\n\t<meta property=\"og:image:height\" content=\"263\" \/>\n\t<meta property=\"og:image:type\" content=\"image\/jpeg\" \/>\n<meta name=\"twitter:card\" content=\"summary_large_image\" \/>\n<script type=\"application\/ld+json\" class=\"yoast-schema-graph\">{\"@context\":\"https:\\\/\\\/schema.org\",\"@graph\":[{\"@type\":\"WebPage\",\"@id\":\"https:\\\/\\\/sud.svmep.ch\\\/svmep\\\/event\\\/manifestation-contre-les-coupes-budgetaires\\\/\",\"url\":\"https:\\\/\\\/sud.svmep.ch\\\/svmep\\\/event\\\/manifestation-contre-les-coupes-budgetaires\\\/\",\"name\":\"Manifestation contre les coupes budg\u00e9taires - svmep.ch\",\"isPartOf\":{\"@id\":\"https:\\\/\\\/sud.svmep.ch\\\/svmep\\\/#website\"},\"primaryImageOfPage\":{\"@id\":\"https:\\\/\\\/sud.svmep.ch\\\/svmep\\\/event\\\/manifestation-contre-les-coupes-budgetaires\\\/#primaryimage\"},\"image\":{\"@id\":\"https:\\\/\\\/sud.svmep.ch\\\/svmep\\\/event\\\/manifestation-contre-les-coupes-budgetaires\\\/#primaryimage\"},\"thumbnailUrl\":\"https:\\\/\\\/sud.svmep.ch\\\/svmep\\\/wp-content\\\/uploads\\\/2024\\\/11\\\/tenir-les-coudes-copie-150x150.jpg\",\"datePublished\":\"2025-11-14T21:53:36+00:00\",\"dateModified\":\"2025-11-15T08:34:33+00:00\",\"description\":\"Manifestation unitaire \u00e0 Lausanne contre les coupes budg\u00e9taires.\",\"breadcrumb\":{\"@id\":\"https:\\\/\\\/sud.svmep.ch\\\/svmep\\\/event\\\/manifestation-contre-les-coupes-budgetaires\\\/#breadcrumb\"},\"inLanguage\":\"fr-FR\",\"potentialAction\":[{\"@type\":\"ReadAction\",\"target\":[\"https:\\\/\\\/sud.svmep.ch\\\/svmep\\\/event\\\/manifestation-contre-les-coupes-budgetaires\\\/\"]}]},{\"@type\":\"ImageObject\",\"inLanguage\":\"fr-FR\",\"@id\":\"https:\\\/\\\/sud.svmep.ch\\\/svmep\\\/event\\\/manifestation-contre-les-coupes-budgetaires\\\/#primaryimage\",\"url\":\"https:\\\/\\\/sud.svmep.ch\\\/svmep\\\/wp-content\\\/uploads\\\/2024\\\/11\\\/tenir-les-coudes-copie.jpg\",\"contentUrl\":\"https:\\\/\\\/sud.svmep.ch\\\/svmep\\\/wp-content\\\/uploads\\\/2024\\\/11\\\/tenir-les-coudes-copie.jpg\",\"width\":847,\"height\":263},{\"@type\":\"BreadcrumbList\",\"@id\":\"https:\\\/\\\/sud.svmep.ch\\\/svmep\\\/event\\\/manifestation-contre-les-coupes-budgetaires\\\/#breadcrumb\",\"itemListElement\":[{\"@type\":\"ListItem\",\"position\":1,\"name\":\"Accueil\",\"item\":\"https:\\\/\\\/sud.svmep.ch\\\/svmep\\\/\"},{\"@type\":\"ListItem\",\"position\":2,\"name\":\"\u00c9v\u00e8nements\",\"item\":\"https:\\\/\\\/sud.svmep.ch\\\/svmep\\\/events\\\/\"},{\"@type\":\"ListItem\",\"position\":3,\"name\":\"Manifestation contre les coupes budg\u00e9taires\"}]},{\"@type\":\"WebSite\",\"@id\":\"https:\\\/\\\/sud.svmep.ch\\\/svmep\\\/#website\",\"url\":\"https:\\\/\\\/sud.svmep.ch\\\/svmep\\\/\",\"name\":\"Syndicat vaudois des ma\u00eetres.ses de l'enseignement professionnel\",\"description\":\"\",\"publisher\":{\"@id\":\"https:\\\/\\\/sud.svmep.ch\\\/svmep\\\/#organization\"},\"alternateName\":\"SVMEP\",\"potentialAction\":[{\"@type\":\"SearchAction\",\"target\":{\"@type\":\"EntryPoint\",\"urlTemplate\":\"https:\\\/\\\/sud.svmep.ch\\\/svmep\\\/?s={search_term_string}\"},\"query-input\":{\"@type\":\"PropertyValueSpecification\",\"valueRequired\":true,\"valueName\":\"search_term_string\"}}],\"inLanguage\":\"fr-FR\"},{\"@type\":\"Organization\",\"@id\":\"https:\\\/\\\/sud.svmep.ch\\\/svmep\\\/#organization\",\"name\":\"Syndicat vaudois des ma\u00eetres.ses de l'enseignement professionnel SVMEP\",\"alternateName\":\"SVMEP\",\"url\":\"https:\\\/\\\/sud.svmep.ch\\\/svmep\\\/\",\"logo\":{\"@type\":\"ImageObject\",\"inLanguage\":\"fr-FR\",\"@id\":\"https:\\\/\\\/sud.svmep.ch\\\/svmep\\\/#\\\/schema\\\/logo\\\/image\\\/\",\"url\":\"https:\\\/\\\/sud.svmep.ch\\\/svmep\\\/wp-content\\\/uploads\\\/2024\\\/09\\\/svmep150x260.jpg\",\"contentUrl\":\"https:\\\/\\\/sud.svmep.ch\\\/svmep\\\/wp-content\\\/uploads\\\/2024\\\/09\\\/svmep150x260.jpg\",\"width\":226,\"height\":127,\"caption\":\"Syndicat vaudois des ma\u00eetres.ses de l'enseignement professionnel SVMEP\"},\"image\":{\"@id\":\"https:\\\/\\\/sud.svmep.ch\\\/svmep\\\/#\\\/schema\\\/logo\\\/image\\\/\"}}]}<\/script>\n<!-- \/ Yoast SEO plugin. -->","yoast_head_json":{"title":"Manifestation contre les coupes budg\u00e9taires - svmep.ch","description":"Manifestation unitaire \u00e0 Lausanne contre les coupes budg\u00e9taires.","robots":{"index":"index","follow":"follow","max-snippet":"max-snippet:-1","max-image-preview":"max-image-preview:large","max-video-preview":"max-video-preview:-1"},"canonical":"https:\/\/sud.svmep.ch\/svmep\/event\/manifestation-contre-les-coupes-budgetaires\/","og_locale":"fr_FR","og_type":"article","og_title":"Manifestation contre les coupes budg\u00e9taires - svmep.ch","og_description":"Manifestation unitaire \u00e0 Lausanne contre les coupes budg\u00e9taires.","og_url":"https:\/\/sud.svmep.ch\/svmep\/event\/manifestation-contre-les-coupes-budgetaires\/","og_site_name":"svmep.ch","article_modified_time":"2025-11-15T08:34:33+00:00","og_image":[{"width":847,"height":263,"url":"https:\/\/sud.svmep.ch\/svmep\/wp-content\/uploads\/2024\/11\/tenir-les-coudes-copie.jpg","type":"image\/jpeg"}],"twitter_card":"summary_large_image","schema":{"@context":"https:\/\/schema.org","@graph":[{"@type":"WebPage","@id":"https:\/\/sud.svmep.ch\/svmep\/event\/manifestation-contre-les-coupes-budgetaires\/","url":"https:\/\/sud.svmep.ch\/svmep\/event\/manifestation-contre-les-coupes-budgetaires\/","name":"Manifestation contre les coupes budg\u00e9taires - svmep.ch","isPartOf":{"@id":"https:\/\/sud.svmep.ch\/svmep\/#website"},"primaryImageOfPage":{"@id":"https:\/\/sud.svmep.ch\/svmep\/event\/manifestation-contre-les-coupes-budgetaires\/#primaryimage"},"image":{"@id":"https:\/\/sud.svmep.ch\/svmep\/event\/manifestation-contre-les-coupes-budgetaires\/#primaryimage"},"thumbnailUrl":"https:\/\/sud.svmep.ch\/svmep\/wp-content\/uploads\/2024\/11\/tenir-les-coudes-copie-150x150.jpg","datePublished":"2025-11-14T21:53:36+00:00","dateModified":"2025-11-15T08:34:33+00:00","description":"Manifestation unitaire \u00e0 Lausanne contre les coupes budg\u00e9taires.","breadcrumb":{"@id":"https:\/\/sud.svmep.ch\/svmep\/event\/manifestation-contre-les-coupes-budgetaires\/#breadcrumb"},"inLanguage":"fr-FR","potentialAction":[{"@type":"ReadAction","target":["https:\/\/sud.svmep.ch\/svmep\/event\/manifestation-contre-les-coupes-budgetaires\/"]}]},{"@type":"ImageObject","inLanguage":"fr-FR","@id":"https:\/\/sud.svmep.ch\/svmep\/event\/manifestation-contre-les-coupes-budgetaires\/#primaryimage","url":"https:\/\/sud.svmep.ch\/svmep\/wp-content\/uploads\/2024\/11\/tenir-les-coudes-copie.jpg","contentUrl":"https:\/\/sud.svmep.ch\/svmep\/wp-content\/uploads\/2024\/11\/tenir-les-coudes-copie.jpg","width":847,"height":263},{"@type":"BreadcrumbList","@id":"https:\/\/sud.svmep.ch\/svmep\/event\/manifestation-contre-les-coupes-budgetaires\/#breadcrumb","itemListElement":[{"@type":"ListItem","position":1,"name":"Accueil","item":"https:\/\/sud.svmep.ch\/svmep\/"},{"@type":"ListItem","position":2,"name":"\u00c9v\u00e8nements","item":"https:\/\/sud.svmep.ch\/svmep\/events\/"},{"@type":"ListItem","position":3,"name":"Manifestation contre les coupes budg\u00e9taires"}]},{"@type":"WebSite","@id":"https:\/\/sud.svmep.ch\/svmep\/#website","url":"https:\/\/sud.svmep.ch\/svmep\/","name":"Syndicat vaudois des ma\u00eetres.ses de l'enseignement professionnel","description":"","publisher":{"@id":"https:\/\/sud.svmep.ch\/svmep\/#organization"},"alternateName":"SVMEP","potentialAction":[{"@type":"SearchAction","target":{"@type":"EntryPoint","urlTemplate":"https:\/\/sud.svmep.ch\/svmep\/?s={search_term_string}"},"query-input":{"@type":"PropertyValueSpecification","valueRequired":true,"valueName":"search_term_string"}}],"inLanguage":"fr-FR"},{"@type":"Organization","@id":"https:\/\/sud.svmep.ch\/svmep\/#organization","name":"Syndicat vaudois des ma\u00eetres.ses de l'enseignement professionnel SVMEP","alternateName":"SVMEP","url":"https:\/\/sud.svmep.ch\/svmep\/","logo":{"@type":"ImageObject","inLanguage":"fr-FR","@id":"https:\/\/sud.svmep.ch\/svmep\/#\/schema\/logo\/image\/","url":"https:\/\/sud.svmep.ch\/svmep\/wp-content\/uploads\/2024\/09\/svmep150x260.jpg","contentUrl":"https:\/\/sud.svmep.ch\/svmep\/wp-content\/uploads\/2024\/09\/svmep150x260.jpg","width":226,"height":127,"caption":"Syndicat vaudois des ma\u00eetres.ses de l'enseignement professionnel SVMEP"},"image":{"@id":"https:\/\/sud.svmep.ch\/svmep\/#\/schema\/logo\/image\/"}}]}},"_links":{"self":[{"href":"https:\/\/sud.svmep.ch\/svmep\/wp-json\/wp\/v2\/tribe_events\/2328","targetHints":{"allow":["GET"]}}],"collection":[{"href":"https:\/\/sud.svmep.ch\/svmep\/wp-json\/wp\/v2\/tribe_events"}],"about":[{"href":"https:\/\/sud.svmep.ch\/svmep\/wp-json\/wp\/v2\/types\/tribe_events"}],"author":[{"embeddable":true,"href":"https:\/\/sud.svmep.ch\/svmep\/wp-json\/wp\/v2\/users\/4"}],"version-history":[{"count":0,"href":"https:\/\/sud.svmep.ch\/svmep\/wp-json\/wp\/v2\/tribe_events\/2328\/revisions"}],"wp:attachment":[{"href":"https:\/\/sud.svmep.ch\/svmep\/wp-json\/wp\/v2\/media?parent=2328"}],"wp:term":[{"taxonomy":"post_tag","embeddable":true,"href":"https:\/\/sud.svmep.ch\/svmep\/wp-json\/wp\/v2\/tags?post=2328"},{"taxonomy":"tribe_events_cat","embeddable":true,"href":"https:\/\/sud.svmep.ch\/svmep\/wp-json\/wp\/v2\/tribe_events_cat?post=2328"}],"curies":[{"name":"wp","href":"https:\/\/api.w.org\/{rel}","templated":true}]}}

Manifestation contre les coupes budgétaires

<h3>Esplanade de Montbenon, Lausanne. Rassemblement dès 17h30, départ du cortège à 18h.<img loading="lazy" decoding="async" class="alignright size-thumbnail wp-image-1570" src="https://sud.svmep.ch/svmep/wp-content/uploads/2024/11/tenir-les-coudes-copie-150x150.jpg" alt="" width="150" height="150" /></h3>
<p>La <a href="https://youtube.com/shorts/-ak8FS0bqSM?si=_kDO0QlyYQwy42-f" target="_blank" rel="noopener">manifestation du 2 octobre a été un immense succès</a>, avec 15’000 personnes dans la rue en défense des services publics et parapublics, des salaires et des conditions de travail.</p>
<h4 style="text-align: center;"><span style="color: #d91e0e;">Le 18 novembre, journée de grève et d&rsquo;actions, et toutes et tous à la manifestation unitaire !</span></h4>

<p>Esplanade de Montbenon, Lausanne. Rassemblement dès 17h30, départ du cortège à 18h. La manifestation du 2 octobre a été un immense succès, avec 15’000 personnes dans la rue en défense [&hellip;]</p>

<!-- This site is optimized with the Yoast SEO plugin v27.4 - https://yoast.com/product/yoast-seo-wordpress/ -->
<title>Manifestation contre les coupes budgétaires - svmep.ch</title>
<meta name="description" content="Manifestation unitaire à Lausanne contre les coupes budgétaires." />
<meta name="robots" content="index, follow, max-snippet:-1, max-image-preview:large, max-video-preview:-1" />
<link rel="canonical" href="https://sud.svmep.ch/svmep/event/manifestation-contre-les-coupes-budgetaires/" />
<meta property="og:locale" content="fr_FR" />
<meta property="og:type" content="article" />
<meta property="og:title" content="Manifestation contre les coupes budgétaires - svmep.ch" />
<meta property="og:description" content="Manifestation unitaire à Lausanne contre les coupes budgétaires." />
<meta property="og:url" content="https://sud.svmep.ch/svmep/event/manifestation-contre-les-coupes-budgetaires/" />
<meta property="og:site_name" content="svmep.ch" />
<meta property="article:modified_time" content="2025-11-15T08:34:33+00:00" />
<meta property="og:image" content="https://sud.svmep.ch/svmep/wp-content/uploads/2024/11/tenir-les-coudes-copie.jpg" />
	<meta property="og:image:width" content="847" />
	<meta property="og:image:height" content="263" />
	<meta property="og:image:type" content="image/jpeg" />
<meta name="twitter:card" content="summary_large_image" />
<script type="application/ld+json" class="yoast-schema-graph">{"@context":"https:\/\/schema.org","@graph":[{"@type":"WebPage","@id":"https:\/\/sud.svmep.ch\/svmep\/event\/manifestation-contre-les-coupes-budgetaires\/","url":"https:\/\/sud.svmep.ch\/svmep\/event\/manifestation-contre-les-coupes-budgetaires\/","name":"Manifestation contre les coupes budgétaires - svmep.ch","isPartOf":{"@id":"https:\/\/sud.svmep.ch\/svmep\/#website"},"primaryImageOfPage":{"@id":"https:\/\/sud.svmep.ch\/svmep\/event\/manifestation-contre-les-coupes-budgetaires\/#primaryimage"},"image":{"@id":"https:\/\/sud.svmep.ch\/svmep\/event\/manifestation-contre-les-coupes-budgetaires\/#primaryimage"},"thumbnailUrl":"https:\/\/sud.svmep.ch\/svmep\/wp-content\/uploads\/2024\/11\/tenir-les-coudes-copie-150x150.jpg","datePublished":"2025-11-14T21:53:36+00:00","dateModified":"2025-11-15T08:34:33+00:00","description":"Manifestation unitaire à Lausanne contre les coupes budgétaires.","breadcrumb":{"@id":"https:\/\/sud.svmep.ch\/svmep\/event\/manifestation-contre-les-coupes-budgetaires\/#breadcrumb"},"inLanguage":"fr-FR","potentialAction":[{"@type":"ReadAction","target":["https:\/\/sud.svmep.ch\/svmep\/event\/manifestation-contre-les-coupes-budgetaires\/"]}]},{"@type":"ImageObject","inLanguage":"fr-FR","@id":"https:\/\/sud.svmep.ch\/svmep\/event\/manifestation-contre-les-coupes-budgetaires\/#primaryimage","url":"https:\/\/sud.svmep.ch\/svmep\/wp-content\/uploads\/2024\/11\/tenir-les-coudes-copie.jpg","contentUrl":"https:\/\/sud.svmep.ch\/svmep\/wp-content\/uploads\/2024\/11\/tenir-les-coudes-copie.jpg","width":847,"height":263},{"@type":"BreadcrumbList","@id":"https:\/\/sud.svmep.ch\/svmep\/event\/manifestation-contre-les-coupes-budgetaires\/#breadcrumb","itemListElement":[{"@type":"ListItem","position":1,"name":"Accueil","item":"https:\/\/sud.svmep.ch\/svmep\/"},{"@type":"ListItem","position":2,"name":"Évènements","item":"https:\/\/sud.svmep.ch\/svmep\/events\/"},{"@type":"ListItem","position":3,"name":"Manifestation contre les coupes budgétaires"}]},{"@type":"WebSite","@id":"https:\/\/sud.svmep.ch\/svmep\/#website","url":"https:\/\/sud.svmep.ch\/svmep\/","name":"Syndicat vaudois des maîtres.ses de l'enseignement professionnel","description":"","publisher":{"@id":"https:\/\/sud.svmep.ch\/svmep\/#organization"},"alternateName":"SVMEP","potentialAction":[{"@type":"SearchAction","target":{"@type":"EntryPoint","urlTemplate":"https:\/\/sud.svmep.ch\/svmep\/?s={search_term_string}"},"query-input":{"@type":"PropertyValueSpecification","valueRequired":true,"valueName":"search_term_string"}}],"inLanguage":"fr-FR"},{"@type":"Organization","@id":"https:\/\/sud.svmep.ch\/svmep\/#organization","name":"Syndicat vaudois des maîtres.ses de l'enseignement professionnel SVMEP","alternateName":"SVMEP","url":"https:\/\/sud.svmep.ch\/svmep\/","logo":{"@type":"ImageObject","inLanguage":"fr-FR","@id":"https:\/\/sud.svmep.ch\/svmep\/#\/schema\/logo\/image\/","url":"https:\/\/sud.svmep.ch\/svmep\/wp-content\/uploads\/2024\/09\/svmep150x260.jpg","contentUrl":"https:\/\/sud.svmep.ch\/svmep\/wp-content\/uploads\/2024\/09\/svmep150x260.jpg","width":226,"height":127,"caption":"Syndicat vaudois des maîtres.ses de l'enseignement professionnel SVMEP"},"image":{"@id":"https:\/\/sud.svmep.ch\/svmep\/#\/schema\/logo\/image\/"}}]}</script>
<!-- / Yoast SEO plugin. -->

Manifestation contre les coupes budgétaires - svmep.ch

Manifestation unitaire à Lausanne contre les coupes budgétaires.

Évènements

Syndicat vaudois des maîtres.ses de l'enseignement professionnel

Syndicat vaudois des maîtres.ses de l'enseignement professionnel SVMEP
