{"id":2340,"date":"2025-11-21T23:15:03","date_gmt":"2025-11-21T22:15:03","guid":{"rendered":"https:\/\/sud.svmep.ch\/svmep\/?post_type=tribe_events&#038;p=2340"},"modified":"2025-11-21T23:19:40","modified_gmt":"2025-11-21T22:19:40","slug":"manifestation-contre-les-coupes-budgetaires-2","status":"publish","type":"tribe_events","link":"https:\/\/sud.svmep.ch\/svmep\/event\/manifestation-contre-les-coupes-budgetaires-2\/","title":{"rendered":"Manifestation contre les coupes budg\u00e9taires"},"content":{"rendered":"<h3>Nous \u00e9tions pr\u00e8s de 25\u2019000 dans le rue le 18 novembre, soyons encore davantage !<\/h3>\n<div id=\"attachment_2342\" style=\"width: 436px\" class=\"wp-caption alignright\"><img loading=\"lazy\" decoding=\"async\" aria-describedby=\"caption-attachment-2342\" class=\"wp-image-2342\" src=\"https:\/\/sud.svmep.ch\/svmep\/wp-content\/uploads\/W0A3589-scaled-1-683x1024.jpeg\" alt=\"\" width=\"426\" height=\"639\" srcset=\"https:\/\/sud.svmep.ch\/svmep\/wp-content\/uploads\/W0A3589-scaled-1-683x1024.jpeg 683w, https:\/\/sud.svmep.ch\/svmep\/wp-content\/uploads\/W0A3589-scaled-1-200x300.jpeg 200w, https:\/\/sud.svmep.ch\/svmep\/wp-content\/uploads\/W0A3589-scaled-1-768x1152.jpeg 768w, https:\/\/sud.svmep.ch\/svmep\/wp-content\/uploads\/W0A3589-scaled-1-1024x1536.jpeg 1024w, https:\/\/sud.svmep.ch\/svmep\/wp-content\/uploads\/W0A3589-scaled-1-1366x2048.jpeg 1366w, https:\/\/sud.svmep.ch\/svmep\/wp-content\/uploads\/W0A3589-scaled-1.jpeg 1707w\" sizes=\"auto, (max-width: 426px) 100vw, 426px\" \/><p id=\"caption-attachment-2342\" class=\"wp-caption-text\">Manifestation du 18 novembre 2025, Lausanne<\/p><\/div>\n<p>L\u2019ensemble de la population est invit\u00e9e \u00e0 participer \u00e0 la manifestation : nous sommes tous et toutes b\u00e9n\u00e9ficiaires du service public !<\/p>\n<h5>Rassemblement d\u00e8s 17h30, d\u00e9part du cort\u00e8ge \u00e0 18h.<\/h5>\n","protected":false},"excerpt":{"rendered":"<p>Nous \u00e9tions pr\u00e8s de 25\u2019000 dans le rue le 18 novembre, soyons encore davantage ! L\u2019ensemble de la population est invit\u00e9e \u00e0 participer \u00e0 la manifestation : nous sommes tous [&hellip;]<\/p>\n","protected":false},"author":4,"featured_media":0,"template":"","meta":{"_tribe_events_status":"","_tribe_events_status_reason":"","footnotes":""},"tags":[],"tribe_events_cat":[53],"class_list":["post-2340","tribe_events","type-tribe_events","status-publish","hentry","tribe_events_cat-coupes-budgetaires","cat_coupes-budgetaires"],"yoast_head":"<!-- This site is optimized with the Yoast SEO plugin v27.4 - https:\/\/yoast.com\/product\/yoast-seo-wordpress\/ -->\n<title>Manifestation contre les coupes budg\u00e9taires - svmep.ch<\/title>\n<meta name=\"robots\" content=\"index, follow, max-snippet:-1, max-image-preview:large, max-video-preview:-1\" \/>\n<link rel=\"canonical\" href=\"https:\/\/sud.svmep.ch\/svmep\/event\/manifestation-contre-les-coupes-budgetaires-2\/\" \/>\n<meta property=\"og:locale\" content=\"fr_FR\" \/>\n<meta property=\"og:type\" content=\"article\" \/>\n<meta property=\"og:title\" content=\"Manifestation contre les coupes budg\u00e9taires - svmep.ch\" \/>\n<meta property=\"og:description\" content=\"Nous \u00e9tions pr\u00e8s de 25\u2019000 dans le rue le 18 novembre, soyons encore davantage ! L\u2019ensemble de la population est invit\u00e9e \u00e0 participer \u00e0 la manifestation : nous sommes tous [&hellip;]\" \/>\n<meta property=\"og:url\" content=\"https:\/\/sud.svmep.ch\/svmep\/event\/manifestation-contre-les-coupes-budgetaires-2\/\" \/>\n<meta property=\"og:site_name\" content=\"svmep.ch\" \/>\n<meta property=\"article:modified_time\" content=\"2025-11-21T22:19:40+00:00\" \/>\n<meta property=\"og:image\" content=\"https:\/\/sud.svmep.ch\/svmep\/wp-content\/uploads\/W0A3589-scaled-1.jpeg\" \/>\n\t<meta property=\"og:image:width\" content=\"1707\" \/>\n\t<meta property=\"og:image:height\" content=\"2560\" \/>\n\t<meta property=\"og:image:type\" content=\"image\/jpeg\" \/>\n<meta name=\"twitter:card\" content=\"summary_large_image\" \/>\n<script type=\"application\/ld+json\" class=\"yoast-schema-graph\">{\"@context\":\"https:\\\/\\\/schema.org\",\"@graph\":[{\"@type\":\"WebPage\",\"@id\":\"https:\\\/\\\/sud.svmep.ch\\\/svmep\\\/event\\\/manifestation-contre-les-coupes-budgetaires-2\\\/\",\"url\":\"https:\\\/\\\/sud.svmep.ch\\\/svmep\\\/event\\\/manifestation-contre-les-coupes-budgetaires-2\\\/\",\"name\":\"Manifestation contre les coupes budg\u00e9taires - svmep.ch\",\"isPartOf\":{\"@id\":\"https:\\\/\\\/sud.svmep.ch\\\/svmep\\\/#website\"},\"primaryImageOfPage\":{\"@id\":\"https:\\\/\\\/sud.svmep.ch\\\/svmep\\\/event\\\/manifestation-contre-les-coupes-budgetaires-2\\\/#primaryimage\"},\"image\":{\"@id\":\"https:\\\/\\\/sud.svmep.ch\\\/svmep\\\/event\\\/manifestation-contre-les-coupes-budgetaires-2\\\/#primaryimage\"},\"thumbnailUrl\":\"https:\\\/\\\/sud.svmep.ch\\\/svmep\\\/wp-content\\\/uploads\\\/W0A3589-scaled-1-683x1024.jpeg\",\"datePublished\":\"2025-11-21T22:15:03+00:00\",\"dateModified\":\"2025-11-21T22:19:40+00:00\",\"breadcrumb\":{\"@id\":\"https:\\\/\\\/sud.svmep.ch\\\/svmep\\\/event\\\/manifestation-contre-les-coupes-budgetaires-2\\\/#breadcrumb\"},\"inLanguage\":\"fr-FR\",\"potentialAction\":[{\"@type\":\"ReadAction\",\"target\":[\"https:\\\/\\\/sud.svmep.ch\\\/svmep\\\/event\\\/manifestation-contre-les-coupes-budgetaires-2\\\/\"]}]},{\"@type\":\"ImageObject\",\"inLanguage\":\"fr-FR\",\"@id\":\"https:\\\/\\\/sud.svmep.ch\\\/svmep\\\/event\\\/manifestation-contre-les-coupes-budgetaires-2\\\/#primaryimage\",\"url\":\"https:\\\/\\\/sud.svmep.ch\\\/svmep\\\/wp-content\\\/uploads\\\/W0A3589-scaled-1.jpeg\",\"contentUrl\":\"https:\\\/\\\/sud.svmep.ch\\\/svmep\\\/wp-content\\\/uploads\\\/W0A3589-scaled-1.jpeg\",\"width\":1707,\"height\":2560,\"caption\":\"Manifestation du 18 novembre 2025, Lausanne\"},{\"@type\":\"BreadcrumbList\",\"@id\":\"https:\\\/\\\/sud.svmep.ch\\\/svmep\\\/event\\\/manifestation-contre-les-coupes-budgetaires-2\\\/#breadcrumb\",\"itemListElement\":[{\"@type\":\"ListItem\",\"position\":1,\"name\":\"Accueil\",\"item\":\"https:\\\/\\\/sud.svmep.ch\\\/svmep\\\/\"},{\"@type\":\"ListItem\",\"position\":2,\"name\":\"\u00c9v\u00e8nements\",\"item\":\"https:\\\/\\\/sud.svmep.ch\\\/svmep\\\/events\\\/\"},{\"@type\":\"ListItem\",\"position\":3,\"name\":\"Manifestation contre les coupes budg\u00e9taires\"}]},{\"@type\":\"WebSite\",\"@id\":\"https:\\\/\\\/sud.svmep.ch\\\/svmep\\\/#website\",\"url\":\"https:\\\/\\\/sud.svmep.ch\\\/svmep\\\/\",\"name\":\"Syndicat vaudois des ma\u00eetres.ses de l'enseignement professionnel\",\"description\":\"\",\"publisher\":{\"@id\":\"https:\\\/\\\/sud.svmep.ch\\\/svmep\\\/#organization\"},\"alternateName\":\"SVMEP\",\"potentialAction\":[{\"@type\":\"SearchAction\",\"target\":{\"@type\":\"EntryPoint\",\"urlTemplate\":\"https:\\\/\\\/sud.svmep.ch\\\/svmep\\\/?s={search_term_string}\"},\"query-input\":{\"@type\":\"PropertyValueSpecification\",\"valueRequired\":true,\"valueName\":\"search_term_string\"}}],\"inLanguage\":\"fr-FR\"},{\"@type\":\"Organization\",\"@id\":\"https:\\\/\\\/sud.svmep.ch\\\/svmep\\\/#organization\",\"name\":\"Syndicat vaudois des ma\u00eetres.ses de l'enseignement professionnel SVMEP\",\"alternateName\":\"SVMEP\",\"url\":\"https:\\\/\\\/sud.svmep.ch\\\/svmep\\\/\",\"logo\":{\"@type\":\"ImageObject\",\"inLanguage\":\"fr-FR\",\"@id\":\"https:\\\/\\\/sud.svmep.ch\\\/svmep\\\/#\\\/schema\\\/logo\\\/image\\\/\",\"url\":\"https:\\\/\\\/sud.svmep.ch\\\/svmep\\\/wp-content\\\/uploads\\\/2024\\\/09\\\/svmep150x260.jpg\",\"contentUrl\":\"https:\\\/\\\/sud.svmep.ch\\\/svmep\\\/wp-content\\\/uploads\\\/2024\\\/09\\\/svmep150x260.jpg\",\"width\":226,\"height\":127,\"caption\":\"Syndicat vaudois des ma\u00eetres.ses de l'enseignement professionnel SVMEP\"},\"image\":{\"@id\":\"https:\\\/\\\/sud.svmep.ch\\\/svmep\\\/#\\\/schema\\\/logo\\\/image\\\/\"}}]}<\/script>\n<!-- \/ Yoast SEO plugin. -->","yoast_head_json":{"title":"Manifestation contre les coupes budg\u00e9taires - svmep.ch","robots":{"index":"index","follow":"follow","max-snippet":"max-snippet:-1","max-image-preview":"max-image-preview:large","max-video-preview":"max-video-preview:-1"},"canonical":"https:\/\/sud.svmep.ch\/svmep\/event\/manifestation-contre-les-coupes-budgetaires-2\/","og_locale":"fr_FR","og_type":"article","og_title":"Manifestation contre les coupes budg\u00e9taires - svmep.ch","og_description":"Nous \u00e9tions pr\u00e8s de 25\u2019000 dans le rue le 18 novembre, soyons encore davantage ! L\u2019ensemble de la population est invit\u00e9e \u00e0 participer \u00e0 la manifestation : nous sommes tous [&hellip;]","og_url":"https:\/\/sud.svmep.ch\/svmep\/event\/manifestation-contre-les-coupes-budgetaires-2\/","og_site_name":"svmep.ch","article_modified_time":"2025-11-21T22:19:40+00:00","og_image":[{"width":1707,"height":2560,"url":"https:\/\/sud.svmep.ch\/svmep\/wp-content\/uploads\/W0A3589-scaled-1.jpeg","type":"image\/jpeg"}],"twitter_card":"summary_large_image","schema":{"@context":"https:\/\/schema.org","@graph":[{"@type":"WebPage","@id":"https:\/\/sud.svmep.ch\/svmep\/event\/manifestation-contre-les-coupes-budgetaires-2\/","url":"https:\/\/sud.svmep.ch\/svmep\/event\/manifestation-contre-les-coupes-budgetaires-2\/","name":"Manifestation contre les coupes budg\u00e9taires - svmep.ch","isPartOf":{"@id":"https:\/\/sud.svmep.ch\/svmep\/#website"},"primaryImageOfPage":{"@id":"https:\/\/sud.svmep.ch\/svmep\/event\/manifestation-contre-les-coupes-budgetaires-2\/#primaryimage"},"image":{"@id":"https:\/\/sud.svmep.ch\/svmep\/event\/manifestation-contre-les-coupes-budgetaires-2\/#primaryimage"},"thumbnailUrl":"https:\/\/sud.svmep.ch\/svmep\/wp-content\/uploads\/W0A3589-scaled-1-683x1024.jpeg","datePublished":"2025-11-21T22:15:03+00:00","dateModified":"2025-11-21T22:19:40+00:00","breadcrumb":{"@id":"https:\/\/sud.svmep.ch\/svmep\/event\/manifestation-contre-les-coupes-budgetaires-2\/#breadcrumb"},"inLanguage":"fr-FR","potentialAction":[{"@type":"ReadAction","target":["https:\/\/sud.svmep.ch\/svmep\/event\/manifestation-contre-les-coupes-budgetaires-2\/"]}]},{"@type":"ImageObject","inLanguage":"fr-FR","@id":"https:\/\/sud.svmep.ch\/svmep\/event\/manifestation-contre-les-coupes-budgetaires-2\/#primaryimage","url":"https:\/\/sud.svmep.ch\/svmep\/wp-content\/uploads\/W0A3589-scaled-1.jpeg","contentUrl":"https:\/\/sud.svmep.ch\/svmep\/wp-content\/uploads\/W0A3589-scaled-1.jpeg","width":1707,"height":2560,"caption":"Manifestation du 18 novembre 2025, Lausanne"},{"@type":"BreadcrumbList","@id":"https:\/\/sud.svmep.ch\/svmep\/event\/manifestation-contre-les-coupes-budgetaires-2\/#breadcrumb","itemListElement":[{"@type":"ListItem","position":1,"name":"Accueil","item":"https:\/\/sud.svmep.ch\/svmep\/"},{"@type":"ListItem","position":2,"name":"\u00c9v\u00e8nements","item":"https:\/\/sud.svmep.ch\/svmep\/events\/"},{"@type":"ListItem","position":3,"name":"Manifestation contre les coupes budg\u00e9taires"}]},{"@type":"WebSite","@id":"https:\/\/sud.svmep.ch\/svmep\/#website","url":"https:\/\/sud.svmep.ch\/svmep\/","name":"Syndicat vaudois des ma\u00eetres.ses de l'enseignement professionnel","description":"","publisher":{"@id":"https:\/\/sud.svmep.ch\/svmep\/#organization"},"alternateName":"SVMEP","potentialAction":[{"@type":"SearchAction","target":{"@type":"EntryPoint","urlTemplate":"https:\/\/sud.svmep.ch\/svmep\/?s={search_term_string}"},"query-input":{"@type":"PropertyValueSpecification","valueRequired":true,"valueName":"search_term_string"}}],"inLanguage":"fr-FR"},{"@type":"Organization","@id":"https:\/\/sud.svmep.ch\/svmep\/#organization","name":"Syndicat vaudois des ma\u00eetres.ses de l'enseignement professionnel SVMEP","alternateName":"SVMEP","url":"https:\/\/sud.svmep.ch\/svmep\/","logo":{"@type":"ImageObject","inLanguage":"fr-FR","@id":"https:\/\/sud.svmep.ch\/svmep\/#\/schema\/logo\/image\/","url":"https:\/\/sud.svmep.ch\/svmep\/wp-content\/uploads\/2024\/09\/svmep150x260.jpg","contentUrl":"https:\/\/sud.svmep.ch\/svmep\/wp-content\/uploads\/2024\/09\/svmep150x260.jpg","width":226,"height":127,"caption":"Syndicat vaudois des ma\u00eetres.ses de l'enseignement professionnel SVMEP"},"image":{"@id":"https:\/\/sud.svmep.ch\/svmep\/#\/schema\/logo\/image\/"}}]}},"_links":{"self":[{"href":"https:\/\/sud.svmep.ch\/svmep\/wp-json\/wp\/v2\/tribe_events\/2340","targetHints":{"allow":["GET"]}}],"collection":[{"href":"https:\/\/sud.svmep.ch\/svmep\/wp-json\/wp\/v2\/tribe_events"}],"about":[{"href":"https:\/\/sud.svmep.ch\/svmep\/wp-json\/wp\/v2\/types\/tribe_events"}],"author":[{"embeddable":true,"href":"https:\/\/sud.svmep.ch\/svmep\/wp-json\/wp\/v2\/users\/4"}],"version-history":[{"count":0,"href":"https:\/\/sud.svmep.ch\/svmep\/wp-json\/wp\/v2\/tribe_events\/2340\/revisions"}],"wp:attachment":[{"href":"https:\/\/sud.svmep.ch\/svmep\/wp-json\/wp\/v2\/media?parent=2340"}],"wp:term":[{"taxonomy":"post_tag","embeddable":true,"href":"https:\/\/sud.svmep.ch\/svmep\/wp-json\/wp\/v2\/tags?post=2340"},{"taxonomy":"tribe_events_cat","embeddable":true,"href":"https:\/\/sud.svmep.ch\/svmep\/wp-json\/wp\/v2\/tribe_events_cat?post=2340"}],"curies":[{"name":"wp","href":"https:\/\/api.w.org\/{rel}","templated":true}]}}

Manifestation contre les coupes budgétaires

<h3>Nous étions près de 25’000 dans le rue le 18 novembre, soyons encore davantage !</h3>
<div id="attachment_2342" style="width: 436px" class="wp-caption alignright"><img loading="lazy" decoding="async" aria-describedby="caption-attachment-2342" class="wp-image-2342" src="https://sud.svmep.ch/svmep/wp-content/uploads/W0A3589-scaled-1-683x1024.jpeg" alt="" width="426" height="639" srcset="https://sud.svmep.ch/svmep/wp-content/uploads/W0A3589-scaled-1-683x1024.jpeg 683w, https://sud.svmep.ch/svmep/wp-content/uploads/W0A3589-scaled-1-200x300.jpeg 200w, https://sud.svmep.ch/svmep/wp-content/uploads/W0A3589-scaled-1-768x1152.jpeg 768w, https://sud.svmep.ch/svmep/wp-content/uploads/W0A3589-scaled-1-1024x1536.jpeg 1024w, https://sud.svmep.ch/svmep/wp-content/uploads/W0A3589-scaled-1-1366x2048.jpeg 1366w, https://sud.svmep.ch/svmep/wp-content/uploads/W0A3589-scaled-1.jpeg 1707w" sizes="auto, (max-width: 426px) 100vw, 426px" /><p id="caption-attachment-2342" class="wp-caption-text">Manifestation du 18 novembre 2025, Lausanne</p></div>
<p>L’ensemble de la population est invitée à participer à la manifestation : nous sommes tous et toutes bénéficiaires du service public !</p>
<h5>Rassemblement dès 17h30, départ du cortège à 18h.</h5>

<p>Nous étions près de 25’000 dans le rue le 18 novembre, soyons encore davantage ! L’ensemble de la population est invitée à participer à la manifestation : nous sommes tous [&hellip;]</p>

<!-- This site is optimized with the Yoast SEO plugin v27.4 - https://yoast.com/product/yoast-seo-wordpress/ -->
<title>Manifestation contre les coupes budgétaires - svmep.ch</title>
<meta name="robots" content="index, follow, max-snippet:-1, max-image-preview:large, max-video-preview:-1" />
<link rel="canonical" href="https://sud.svmep.ch/svmep/event/manifestation-contre-les-coupes-budgetaires-2/" />
<meta property="og:locale" content="fr_FR" />
<meta property="og:type" content="article" />
<meta property="og:title" content="Manifestation contre les coupes budgétaires - svmep.ch" />
<meta property="og:description" content="Nous étions près de 25’000 dans le rue le 18 novembre, soyons encore davantage ! L’ensemble de la population est invitée à participer à la manifestation : nous sommes tous [&hellip;]" />
<meta property="og:url" content="https://sud.svmep.ch/svmep/event/manifestation-contre-les-coupes-budgetaires-2/" />
<meta property="og:site_name" content="svmep.ch" />
<meta property="article:modified_time" content="2025-11-21T22:19:40+00:00" />
<meta property="og:image" content="https://sud.svmep.ch/svmep/wp-content/uploads/W0A3589-scaled-1.jpeg" />
	<meta property="og:image:width" content="1707" />
	<meta property="og:image:height" content="2560" />
	<meta property="og:image:type" content="image/jpeg" />
<meta name="twitter:card" content="summary_large_image" />
<script type="application/ld+json" class="yoast-schema-graph">{"@context":"https:\/\/schema.org","@graph":[{"@type":"WebPage","@id":"https:\/\/sud.svmep.ch\/svmep\/event\/manifestation-contre-les-coupes-budgetaires-2\/","url":"https:\/\/sud.svmep.ch\/svmep\/event\/manifestation-contre-les-coupes-budgetaires-2\/","name":"Manifestation contre les coupes budgétaires - svmep.ch","isPartOf":{"@id":"https:\/\/sud.svmep.ch\/svmep\/#website"},"primaryImageOfPage":{"@id":"https:\/\/sud.svmep.ch\/svmep\/event\/manifestation-contre-les-coupes-budgetaires-2\/#primaryimage"},"image":{"@id":"https:\/\/sud.svmep.ch\/svmep\/event\/manifestation-contre-les-coupes-budgetaires-2\/#primaryimage"},"thumbnailUrl":"https:\/\/sud.svmep.ch\/svmep\/wp-content\/uploads\/W0A3589-scaled-1-683x1024.jpeg","datePublished":"2025-11-21T22:15:03+00:00","dateModified":"2025-11-21T22:19:40+00:00","breadcrumb":{"@id":"https:\/\/sud.svmep.ch\/svmep\/event\/manifestation-contre-les-coupes-budgetaires-2\/#breadcrumb"},"inLanguage":"fr-FR","potentialAction":[{"@type":"ReadAction","target":["https:\/\/sud.svmep.ch\/svmep\/event\/manifestation-contre-les-coupes-budgetaires-2\/"]}]},{"@type":"ImageObject","inLanguage":"fr-FR","@id":"https:\/\/sud.svmep.ch\/svmep\/event\/manifestation-contre-les-coupes-budgetaires-2\/#primaryimage","url":"https:\/\/sud.svmep.ch\/svmep\/wp-content\/uploads\/W0A3589-scaled-1.jpeg","contentUrl":"https:\/\/sud.svmep.ch\/svmep\/wp-content\/uploads\/W0A3589-scaled-1.jpeg","width":1707,"height":2560,"caption":"Manifestation du 18 novembre 2025, Lausanne"},{"@type":"BreadcrumbList","@id":"https:\/\/sud.svmep.ch\/svmep\/event\/manifestation-contre-les-coupes-budgetaires-2\/#breadcrumb","itemListElement":[{"@type":"ListItem","position":1,"name":"Accueil","item":"https:\/\/sud.svmep.ch\/svmep\/"},{"@type":"ListItem","position":2,"name":"Évènements","item":"https:\/\/sud.svmep.ch\/svmep\/events\/"},{"@type":"ListItem","position":3,"name":"Manifestation contre les coupes budgétaires"}]},{"@type":"WebSite","@id":"https:\/\/sud.svmep.ch\/svmep\/#website","url":"https:\/\/sud.svmep.ch\/svmep\/","name":"Syndicat vaudois des maîtres.ses de l'enseignement professionnel","description":"","publisher":{"@id":"https:\/\/sud.svmep.ch\/svmep\/#organization"},"alternateName":"SVMEP","potentialAction":[{"@type":"SearchAction","target":{"@type":"EntryPoint","urlTemplate":"https:\/\/sud.svmep.ch\/svmep\/?s={search_term_string}"},"query-input":{"@type":"PropertyValueSpecification","valueRequired":true,"valueName":"search_term_string"}}],"inLanguage":"fr-FR"},{"@type":"Organization","@id":"https:\/\/sud.svmep.ch\/svmep\/#organization","name":"Syndicat vaudois des maîtres.ses de l'enseignement professionnel SVMEP","alternateName":"SVMEP","url":"https:\/\/sud.svmep.ch\/svmep\/","logo":{"@type":"ImageObject","inLanguage":"fr-FR","@id":"https:\/\/sud.svmep.ch\/svmep\/#\/schema\/logo\/image\/","url":"https:\/\/sud.svmep.ch\/svmep\/wp-content\/uploads\/2024\/09\/svmep150x260.jpg","contentUrl":"https:\/\/sud.svmep.ch\/svmep\/wp-content\/uploads\/2024\/09\/svmep150x260.jpg","width":226,"height":127,"caption":"Syndicat vaudois des maîtres.ses de l'enseignement professionnel SVMEP"},"image":{"@id":"https:\/\/sud.svmep.ch\/svmep\/#\/schema\/logo\/image\/"}}]}</script>
<!-- / Yoast SEO plugin. -->

Manifestation contre les coupes budgétaires - svmep.ch

Nous étions près de 25’000 dans le rue le 18 novembre, soyons encore davantage ! L’ensemble de la population est invitée à participer à la manifestation : nous sommes tous [&hellip;]

Évènements

Syndicat vaudois des maîtres.ses de l'enseignement professionnel

Syndicat vaudois des maîtres.ses de l'enseignement professionnel SVMEP
